{"id":1091,"date":"2016-09-13T22:02:09","date_gmt":"2016-09-13T22:02:09","guid":{"rendered":"http:\/\/www.aleupa.com\/?post_type=product&#038;p=1091"},"modified":"2020-11-11T18:18:50","modified_gmt":"2020-11-11T18:18:50","slug":"correa-para-baston","status":"publish","type":"product","link":"https:\/\/aleupa.com\/?product=correa-para-baston","title":{"rendered":"Correa para bast\u00f3n"},"content":{"rendered":"<p style=\"text-align: justify\">Correa para bast\u00f3n ajustable por anilla el\u00e1stica.<\/p>\n<p style=\"text-align: justify\">Disponible en cord\u00f3n negro o marr\u00f3n.<\/p>\n<p style=\"text-align: justify\">Peso: \u00a06 g.<\/p>\n","protected":false},"excerpt":{"rendered":"<p>Correa para bast\u00f3n ajustable por anilla el\u00e1stica. Disponible en cord\u00f3n negro o marr\u00f3n. Peso: \u00a06 g.<\/p>\n","protected":false},"featured_media":2043,"comment_status":"open","ping_status":"closed","template":"","meta":{"_et_pb_use_builder":"","_et_pb_old_content":"","_et_gb_content_width":""},"product_brand":[],"product_cat":[574],"product_tag":[308,250],"class_list":{"0":"post-1091","1":"product","2":"type-product","3":"status-publish","4":"has-post-thumbnail","6":"product_cat-accesorios-de-ayudas-a-la-marcha","7":"product_tag-accesorios-movilidad","8":"product_tag-correas-de-baston","10":"first","11":"instock","12":"shipping-taxable","13":"purchasable","14":"product-type-variable"},"yoast_head":"<!-- This site is optimized with the Yoast SEO plugin v26.2 - https:\/\/yoast.com\/wordpress\/plugins\/seo\/ -->\n<title>Correa para bast\u00f3n - Ortopedia Aleupa<\/title>\n<meta name=\"robots\" content=\"index, follow, max-snippet:-1, max-image-preview:large, max-video-preview:-1\" \/>\n<link rel=\"canonical\" href=\"https:\/\/aleupa.com\/?product=correa-para-baston\" \/>\n<meta property=\"og:locale\" content=\"es_ES\" \/>\n<meta property=\"og:type\" content=\"article\" \/>\n<meta property=\"og:title\" content=\"Correa para bast\u00f3n - Ortopedia Aleupa\" \/>\n<meta property=\"og:description\" content=\"Correa para bast\u00f3n ajustable por anilla el\u00e1stica. Disponible en cord\u00f3n negro o marr\u00f3n. Peso: \u00a06 g.\" \/>\n<meta property=\"og:url\" content=\"https:\/\/aleupa.com\/?product=correa-para-baston\" \/>\n<meta property=\"og:site_name\" content=\"Ortopedia Aleupa\" \/>\n<meta property=\"article:modified_time\" content=\"2020-11-11T18:18:50+00:00\" \/>\n<meta property=\"og:image\" content=\"https:\/\/aleupa.com\/wp-content\/uploads\/2017\/06\/correas-para-baston-marron-negro.jpg\" \/>\n\t<meta property=\"og:image:width\" content=\"500\" \/>\n\t<meta property=\"og:image:height\" content=\"500\" \/>\n\t<meta property=\"og:image:type\" content=\"image\/jpeg\" \/>\n<meta name=\"twitter:card\" content=\"summary_large_image\" \/>\n<script type=\"application\/ld+json\" class=\"yoast-schema-graph\">{\"@context\":\"https:\/\/schema.org\",\"@graph\":[{\"@type\":\"WebPage\",\"@id\":\"https:\/\/aleupa.com\/?product=correa-para-baston\",\"url\":\"https:\/\/aleupa.com\/?product=correa-para-baston\",\"name\":\"Correa para bast\u00f3n - Ortopedia Aleupa\",\"isPartOf\":{\"@id\":\"https:\/\/aleupa.com\/#website\"},\"primaryImageOfPage\":{\"@id\":\"https:\/\/aleupa.com\/?product=correa-para-baston#primaryimage\"},\"image\":{\"@id\":\"https:\/\/aleupa.com\/?product=correa-para-baston#primaryimage\"},\"thumbnailUrl\":\"https:\/\/aleupa.com\/wp-content\/uploads\/2017\/06\/correas-para-baston-marron-negro.jpg\",\"datePublished\":\"2016-09-13T22:02:09+00:00\",\"dateModified\":\"2020-11-11T18:18:50+00:00\",\"breadcrumb\":{\"@id\":\"https:\/\/aleupa.com\/?product=correa-para-baston#breadcrumb\"},\"inLanguage\":\"es\",\"potentialAction\":[{\"@type\":\"ReadAction\",\"target\":[\"https:\/\/aleupa.com\/?product=correa-para-baston\"]}]},{\"@type\":\"ImageObject\",\"inLanguage\":\"es\",\"@id\":\"https:\/\/aleupa.com\/?product=correa-para-baston#primaryimage\",\"url\":\"https:\/\/aleupa.com\/wp-content\/uploads\/2017\/06\/correas-para-baston-marron-negro.jpg\",\"contentUrl\":\"https:\/\/aleupa.com\/wp-content\/uploads\/2017\/06\/correas-para-baston-marron-negro.jpg\",\"width\":500,\"height\":500},{\"@type\":\"BreadcrumbList\",\"@id\":\"https:\/\/aleupa.com\/?product=correa-para-baston#breadcrumb\",\"itemListElement\":[{\"@type\":\"ListItem\",\"position\":1,\"name\":\"Portada\",\"item\":\"https:\/\/aleupa.com\/\"},{\"@type\":\"ListItem\",\"position\":2,\"name\":\"Tienda\",\"item\":\"https:\/\/aleupa.com\/?page_id=802\"},{\"@type\":\"ListItem\",\"position\":3,\"name\":\"Correa para bast\u00f3n\"}]},{\"@type\":\"WebSite\",\"@id\":\"https:\/\/aleupa.com\/#website\",\"url\":\"https:\/\/aleupa.com\/\",\"name\":\"Ortopedia Aleupa\",\"description\":\"Ayudas a la dependencia\",\"alternateName\":\"Ortopedia en Puerto de la Cruz, Tenerife\",\"potentialAction\":[{\"@type\":\"SearchAction\",\"target\":{\"@type\":\"EntryPoint\",\"urlTemplate\":\"https:\/\/aleupa.com\/?s={search_term_string}\"},\"query-input\":{\"@type\":\"PropertyValueSpecification\",\"valueRequired\":true,\"valueName\":\"search_term_string\"}}],\"inLanguage\":\"es\"}]}<\/script>\n<!-- \/ Yoast SEO plugin. -->","yoast_head_json":{"title":"Correa para bast\u00f3n - Ortopedia Aleupa","robots":{"index":"index","follow":"follow","max-snippet":"max-snippet:-1","max-image-preview":"max-image-preview:large","max-video-preview":"max-video-preview:-1"},"canonical":"https:\/\/aleupa.com\/?product=correa-para-baston","og_locale":"es_ES","og_type":"article","og_title":"Correa para bast\u00f3n - Ortopedia Aleupa","og_description":"Correa para bast\u00f3n ajustable por anilla el\u00e1stica. Disponible en cord\u00f3n negro o marr\u00f3n. Peso: \u00a06 g.","og_url":"https:\/\/aleupa.com\/?product=correa-para-baston","og_site_name":"Ortopedia Aleupa","article_modified_time":"2020-11-11T18:18:50+00:00","og_image":[{"width":500,"height":500,"url":"https:\/\/aleupa.com\/wp-content\/uploads\/2017\/06\/correas-para-baston-marron-negro.jpg","type":"image\/jpeg"}],"twitter_card":"summary_large_image","schema":{"@context":"https:\/\/schema.org","@graph":[{"@type":"WebPage","@id":"https:\/\/aleupa.com\/?product=correa-para-baston","url":"https:\/\/aleupa.com\/?product=correa-para-baston","name":"Correa para bast\u00f3n - Ortopedia Aleupa","isPartOf":{"@id":"https:\/\/aleupa.com\/#website"},"primaryImageOfPage":{"@id":"https:\/\/aleupa.com\/?product=correa-para-baston#primaryimage"},"image":{"@id":"https:\/\/aleupa.com\/?product=correa-para-baston#primaryimage"},"thumbnailUrl":"https:\/\/aleupa.com\/wp-content\/uploads\/2017\/06\/correas-para-baston-marron-negro.jpg","datePublished":"2016-09-13T22:02:09+00:00","dateModified":"2020-11-11T18:18:50+00:00","breadcrumb":{"@id":"https:\/\/aleupa.com\/?product=correa-para-baston#breadcrumb"},"inLanguage":"es","potentialAction":[{"@type":"ReadAction","target":["https:\/\/aleupa.com\/?product=correa-para-baston"]}]},{"@type":"ImageObject","inLanguage":"es","@id":"https:\/\/aleupa.com\/?product=correa-para-baston#primaryimage","url":"https:\/\/aleupa.com\/wp-content\/uploads\/2017\/06\/correas-para-baston-marron-negro.jpg","contentUrl":"https:\/\/aleupa.com\/wp-content\/uploads\/2017\/06\/correas-para-baston-marron-negro.jpg","width":500,"height":500},{"@type":"BreadcrumbList","@id":"https:\/\/aleupa.com\/?product=correa-para-baston#breadcrumb","itemListElement":[{"@type":"ListItem","position":1,"name":"Portada","item":"https:\/\/aleupa.com\/"},{"@type":"ListItem","position":2,"name":"Tienda","item":"https:\/\/aleupa.com\/?page_id=802"},{"@type":"ListItem","position":3,"name":"Correa para bast\u00f3n"}]},{"@type":"WebSite","@id":"https:\/\/aleupa.com\/#website","url":"https:\/\/aleupa.com\/","name":"Ortopedia Aleupa","description":"Ayudas a la dependencia","alternateName":"Ortopedia en Puerto de la Cruz, Tenerife","potentialAction":[{"@type":"SearchAction","target":{"@type":"EntryPoint","urlTemplate":"https:\/\/aleupa.com\/?s={search_term_string}"},"query-input":{"@type":"PropertyValueSpecification","valueRequired":true,"valueName":"search_term_string"}}],"inLanguage":"es"}]}},"_links":{"self":[{"href":"https:\/\/aleupa.com\/index.php?rest_route=\/wp\/v2\/product\/1091","targetHints":{"allow":["GET"]}}],"collection":[{"href":"https:\/\/aleupa.com\/index.php?rest_route=\/wp\/v2\/product"}],"about":[{"href":"https:\/\/aleupa.com\/index.php?rest_route=\/wp\/v2\/types\/product"}],"replies":[{"embeddable":true,"href":"https:\/\/aleupa.com\/index.php?rest_route=%2Fwp%2Fv2%2Fcomments&post=1091"}],"wp:featuredmedia":[{"embeddable":true,"href":"https:\/\/aleupa.com\/index.php?rest_route=\/wp\/v2\/media\/2043"}],"wp:attachment":[{"href":"https:\/\/aleupa.com\/index.php?rest_route=%2Fwp%2Fv2%2Fmedia&parent=1091"}],"wp:term":[{"taxonomy":"product_brand","embeddable":true,"href":"https:\/\/aleupa.com\/index.php?rest_route=%2Fwp%2Fv2%2Fproduct_brand&post=1091"},{"taxonomy":"product_cat","embeddable":true,"href":"https:\/\/aleupa.com\/index.php?rest_route=%2Fwp%2Fv2%2Fproduct_cat&post=1091"},{"taxonomy":"product_tag","embeddable":true,"href":"https:\/\/aleupa.com\/index.php?rest_route=%2Fwp%2Fv2%2Fproduct_tag&post=1091"}],"curies":[{"name":"wp","href":"https:\/\/api.w.org\/{rel}","templated":true}]}}