{"id":1135,"date":"2016-10-19T01:27:31","date_gmt":"2016-10-19T01:27:31","guid":{"rendered":"http:\/\/www.aleupa.com\/?post_type=product&#038;p=1135"},"modified":"2020-11-11T18:13:46","modified_gmt":"2020-11-11T18:13:46","slug":"baston-ingles-color-par","status":"publish","type":"product","link":"https:\/\/aleupa.com\/?product=baston-ingles-color-par","title":{"rendered":"Bast\u00f3n ingl\u00e9s color (Par)"},"content":{"rendered":"<ul>\n<li>\n<p style=\"text-align: justify\">Bast\u00f3n ingl\u00e9s o muleta fabricada en aluminio y termopl\u00e1stico.<\/p>\n<\/li>\n<li style=\"text-align: justify\">Regulaci\u00f3n de ca\u00f1a en 10 posiciones.<\/li>\n<li style=\"text-align: justify\">Disponibles en colores: \u00a0rojo, verde, azul.<\/li>\n<li style=\"text-align: justify\">Contera de caucho para tubo de 19 mm.<\/li>\n<li>\n<p style=\"text-align: justify\">Se dispensa por unidad.<\/p>\n<\/li>\n<\/ul>\n<p><img decoding=\"async\" src=\"http:\/\/www.sunalecanarias.com\/s\/misc\/logo.png?t=1480617885\" alt=\"\" \/><\/p>\n","protected":false},"excerpt":{"rendered":"<p>Bast\u00f3n ingles de color regulable en altura.<\/p>\n","protected":false},"featured_media":1260,"comment_status":"open","ping_status":"closed","template":"","meta":{"_et_pb_use_builder":"","_et_pb_old_content":"","_et_gb_content_width":""},"product_brand":[],"product_cat":[301],"product_tag":[258],"class_list":{"0":"post-1135","1":"product","2":"type-product","3":"status-publish","4":"has-post-thumbnail","6":"product_cat-bastones","7":"product_tag-muletas","9":"first","10":"instock","11":"shipping-taxable","12":"purchasable","13":"product-type-variable"},"yoast_head":"<!-- This site is optimized with the Yoast SEO plugin v26.2 - https:\/\/yoast.com\/wordpress\/plugins\/seo\/ -->\n<title>Bast\u00f3n ingl\u00e9s color (Par) - Ortopedia Aleupa<\/title>\n<meta name=\"robots\" content=\"index, follow, max-snippet:-1, max-image-preview:large, max-video-preview:-1\" \/>\n<link rel=\"canonical\" href=\"https:\/\/aleupa.com\/?product=baston-ingles-color-par\" \/>\n<meta property=\"og:locale\" content=\"es_ES\" \/>\n<meta property=\"og:type\" content=\"article\" \/>\n<meta property=\"og:title\" content=\"Bast\u00f3n ingl\u00e9s color (Par) - Ortopedia Aleupa\" \/>\n<meta property=\"og:description\" content=\"Bast\u00f3n ingles de color regulable en altura.\" \/>\n<meta property=\"og:url\" content=\"https:\/\/aleupa.com\/?product=baston-ingles-color-par\" \/>\n<meta property=\"og:site_name\" content=\"Ortopedia Aleupa\" \/>\n<meta property=\"article:modified_time\" content=\"2020-11-11T18:13:46+00:00\" \/>\n<meta property=\"og:image\" content=\"https:\/\/aleupa.com\/wp-content\/uploads\/2016\/10\/Copia-3-de-Euro_style_forearm_colored_crutches.jpg\" \/>\n\t<meta property=\"og:image:width\" content=\"480\" \/>\n\t<meta property=\"og:image:height\" content=\"450\" \/>\n\t<meta property=\"og:image:type\" content=\"image\/jpeg\" \/>\n<meta name=\"twitter:card\" content=\"summary_large_image\" \/>\n<script type=\"application\/ld+json\" class=\"yoast-schema-graph\">{\"@context\":\"https:\/\/schema.org\",\"@graph\":[{\"@type\":\"WebPage\",\"@id\":\"https:\/\/aleupa.com\/?product=baston-ingles-color-par\",\"url\":\"https:\/\/aleupa.com\/?product=baston-ingles-color-par\",\"name\":\"Bast\u00f3n ingl\u00e9s color (Par) - Ortopedia Aleupa\",\"isPartOf\":{\"@id\":\"https:\/\/aleupa.com\/#website\"},\"primaryImageOfPage\":{\"@id\":\"https:\/\/aleupa.com\/?product=baston-ingles-color-par#primaryimage\"},\"image\":{\"@id\":\"https:\/\/aleupa.com\/?product=baston-ingles-color-par#primaryimage\"},\"thumbnailUrl\":\"https:\/\/aleupa.com\/wp-content\/uploads\/2016\/10\/Copia-3-de-Euro_style_forearm_colored_crutches.jpg\",\"datePublished\":\"2016-10-19T01:27:31+00:00\",\"dateModified\":\"2020-11-11T18:13:46+00:00\",\"breadcrumb\":{\"@id\":\"https:\/\/aleupa.com\/?product=baston-ingles-color-par#breadcrumb\"},\"inLanguage\":\"es\",\"potentialAction\":[{\"@type\":\"ReadAction\",\"target\":[\"https:\/\/aleupa.com\/?product=baston-ingles-color-par\"]}]},{\"@type\":\"ImageObject\",\"inLanguage\":\"es\",\"@id\":\"https:\/\/aleupa.com\/?product=baston-ingles-color-par#primaryimage\",\"url\":\"https:\/\/aleupa.com\/wp-content\/uploads\/2016\/10\/Copia-3-de-Euro_style_forearm_colored_crutches.jpg\",\"contentUrl\":\"https:\/\/aleupa.com\/wp-content\/uploads\/2016\/10\/Copia-3-de-Euro_style_forearm_colored_crutches.jpg\",\"width\":480,\"height\":450},{\"@type\":\"BreadcrumbList\",\"@id\":\"https:\/\/aleupa.com\/?product=baston-ingles-color-par#breadcrumb\",\"itemListElement\":[{\"@type\":\"ListItem\",\"position\":1,\"name\":\"Portada\",\"item\":\"https:\/\/aleupa.com\/\"},{\"@type\":\"ListItem\",\"position\":2,\"name\":\"Tienda\",\"item\":\"https:\/\/aleupa.com\/?page_id=802\"},{\"@type\":\"ListItem\",\"position\":3,\"name\":\"Bast\u00f3n ingl\u00e9s color (Par)\"}]},{\"@type\":\"WebSite\",\"@id\":\"https:\/\/aleupa.com\/#website\",\"url\":\"https:\/\/aleupa.com\/\",\"name\":\"Ortopedia Aleupa\",\"description\":\"Ayudas a la dependencia\",\"alternateName\":\"Ortopedia en Puerto de la Cruz, Tenerife\",\"potentialAction\":[{\"@type\":\"SearchAction\",\"target\":{\"@type\":\"EntryPoint\",\"urlTemplate\":\"https:\/\/aleupa.com\/?s={search_term_string}\"},\"query-input\":{\"@type\":\"PropertyValueSpecification\",\"valueRequired\":true,\"valueName\":\"search_term_string\"}}],\"inLanguage\":\"es\"}]}<\/script>\n<!-- \/ Yoast SEO plugin. -->","yoast_head_json":{"title":"Bast\u00f3n ingl\u00e9s color (Par) - Ortopedia Aleupa","robots":{"index":"index","follow":"follow","max-snippet":"max-snippet:-1","max-image-preview":"max-image-preview:large","max-video-preview":"max-video-preview:-1"},"canonical":"https:\/\/aleupa.com\/?product=baston-ingles-color-par","og_locale":"es_ES","og_type":"article","og_title":"Bast\u00f3n ingl\u00e9s color (Par) - Ortopedia Aleupa","og_description":"Bast\u00f3n ingles de color regulable en altura.","og_url":"https:\/\/aleupa.com\/?product=baston-ingles-color-par","og_site_name":"Ortopedia Aleupa","article_modified_time":"2020-11-11T18:13:46+00:00","og_image":[{"width":480,"height":450,"url":"https:\/\/aleupa.com\/wp-content\/uploads\/2016\/10\/Copia-3-de-Euro_style_forearm_colored_crutches.jpg","type":"image\/jpeg"}],"twitter_card":"summary_large_image","schema":{"@context":"https:\/\/schema.org","@graph":[{"@type":"WebPage","@id":"https:\/\/aleupa.com\/?product=baston-ingles-color-par","url":"https:\/\/aleupa.com\/?product=baston-ingles-color-par","name":"Bast\u00f3n ingl\u00e9s color (Par) - Ortopedia Aleupa","isPartOf":{"@id":"https:\/\/aleupa.com\/#website"},"primaryImageOfPage":{"@id":"https:\/\/aleupa.com\/?product=baston-ingles-color-par#primaryimage"},"image":{"@id":"https:\/\/aleupa.com\/?product=baston-ingles-color-par#primaryimage"},"thumbnailUrl":"https:\/\/aleupa.com\/wp-content\/uploads\/2016\/10\/Copia-3-de-Euro_style_forearm_colored_crutches.jpg","datePublished":"2016-10-19T01:27:31+00:00","dateModified":"2020-11-11T18:13:46+00:00","breadcrumb":{"@id":"https:\/\/aleupa.com\/?product=baston-ingles-color-par#breadcrumb"},"inLanguage":"es","potentialAction":[{"@type":"ReadAction","target":["https:\/\/aleupa.com\/?product=baston-ingles-color-par"]}]},{"@type":"ImageObject","inLanguage":"es","@id":"https:\/\/aleupa.com\/?product=baston-ingles-color-par#primaryimage","url":"https:\/\/aleupa.com\/wp-content\/uploads\/2016\/10\/Copia-3-de-Euro_style_forearm_colored_crutches.jpg","contentUrl":"https:\/\/aleupa.com\/wp-content\/uploads\/2016\/10\/Copia-3-de-Euro_style_forearm_colored_crutches.jpg","width":480,"height":450},{"@type":"BreadcrumbList","@id":"https:\/\/aleupa.com\/?product=baston-ingles-color-par#breadcrumb","itemListElement":[{"@type":"ListItem","position":1,"name":"Portada","item":"https:\/\/aleupa.com\/"},{"@type":"ListItem","position":2,"name":"Tienda","item":"https:\/\/aleupa.com\/?page_id=802"},{"@type":"ListItem","position":3,"name":"Bast\u00f3n ingl\u00e9s color (Par)"}]},{"@type":"WebSite","@id":"https:\/\/aleupa.com\/#website","url":"https:\/\/aleupa.com\/","name":"Ortopedia Aleupa","description":"Ayudas a la dependencia","alternateName":"Ortopedia en Puerto de la Cruz, Tenerife","potentialAction":[{"@type":"SearchAction","target":{"@type":"EntryPoint","urlTemplate":"https:\/\/aleupa.com\/?s={search_term_string}"},"query-input":{"@type":"PropertyValueSpecification","valueRequired":true,"valueName":"search_term_string"}}],"inLanguage":"es"}]}},"_links":{"self":[{"href":"https:\/\/aleupa.com\/index.php?rest_route=\/wp\/v2\/product\/1135","targetHints":{"allow":["GET"]}}],"collection":[{"href":"https:\/\/aleupa.com\/index.php?rest_route=\/wp\/v2\/product"}],"about":[{"href":"https:\/\/aleupa.com\/index.php?rest_route=\/wp\/v2\/types\/product"}],"replies":[{"embeddable":true,"href":"https:\/\/aleupa.com\/index.php?rest_route=%2Fwp%2Fv2%2Fcomments&post=1135"}],"wp:featuredmedia":[{"embeddable":true,"href":"https:\/\/aleupa.com\/index.php?rest_route=\/wp\/v2\/media\/1260"}],"wp:attachment":[{"href":"https:\/\/aleupa.com\/index.php?rest_route=%2Fwp%2Fv2%2Fmedia&parent=1135"}],"wp:term":[{"taxonomy":"product_brand","embeddable":true,"href":"https:\/\/aleupa.com\/index.php?rest_route=%2Fwp%2Fv2%2Fproduct_brand&post=1135"},{"taxonomy":"product_cat","embeddable":true,"href":"https:\/\/aleupa.com\/index.php?rest_route=%2Fwp%2Fv2%2Fproduct_cat&post=1135"},{"taxonomy":"product_tag","embeddable":true,"href":"https:\/\/aleupa.com\/index.php?rest_route=%2Fwp%2Fv2%2Fproduct_tag&post=1135"}],"curies":[{"name":"wp","href":"https:\/\/api.w.org\/{rel}","templated":true}]}}