{"id":1268,"date":"2016-10-26T17:50:05","date_gmt":"2016-10-26T17:50:05","guid":{"rendered":"http:\/\/www.aleupa.com\/?post_type=product&#038;p=1268"},"modified":"2020-11-11T18:10:58","modified_gmt":"2020-11-11T18:10:58","slug":"muletas-axilares-par","status":"publish","type":"product","link":"https:\/\/aleupa.com\/?product=muletas-axilares-par","title":{"rendered":"Muletas axilares (Par)"},"content":{"rendered":"<p style=\"text-align: justify\">Fabricadas en aluminio.<\/p>\n<p style=\"text-align: justify\">Ligeras y seguras.<\/p>\n<p style=\"text-align: justify\">Disponen de doble regulaci\u00f3n para ajustar tanto la altura de la empu\u00f1adura como del apoyo axilar.<\/p>\n<p style=\"text-align: justify\">Tanto las empu\u00f1aduras como los apoyos axilares est\u00e1n almohadillados para mayor comodidad del usuario.<\/p>\n<p style=\"text-align: justify\">Conteras de goma antideslizantes.<\/p>\n<p style=\"text-align: justify\">Disponibles en 3 tallas:<\/p>\n<p style=\"text-align: justify\">JUNIOR para usuarios de estatura entre 1,35-1,60 m.<\/p>\n<p style=\"text-align: justify\">ADULTO para usuarios de estatura entre 1,60-1,75 m.<\/p>\n<p style=\"text-align: justify\">XL, para usuarios de estarura entre 1,75-1,95 m.<\/p>\n<p style=\"text-align: justify\">Carga m\u00e1xima del usuario 125Kg. para cualquiera de las 3 tallas.<\/p>\n<p style=\"text-align: justify\">Se dispensan por par.<\/p>\n<p><img loading=\"lazy\" decoding=\"async\" class=\"\" src=\"https:\/\/www.ortopediasilvio.com\/img\/cms\/sat-ayudas.jpg\" alt=\"Resultado de imagen de AYUDAS DINAMICAS\" width=\"204\" height=\"77\" \/><\/p>\n","protected":false},"excerpt":{"rendered":"<p>Fabricadas en aluminio. Ligeras y seguras. Disponen de doble regulaci\u00f3n para ajustar tanto la altura de la empu\u00f1adura como del apoyo axilar. Tanto las empu\u00f1aduras como los apoyos axilares est\u00e1n almohadillados para mayor comodidad del usuario. Conteras de goma antideslizantes. Disponibles en 3 tallas: JUNIOR para usuarios de estatura entre 1,35-1,60 m. ADULTO para usuarios [&hellip;]<\/p>\n","protected":false},"featured_media":1273,"comment_status":"open","ping_status":"closed","template":"","meta":{"_et_pb_use_builder":"","_et_pb_old_content":"","_et_gb_content_width":""},"product_brand":[],"product_cat":[301],"product_tag":[],"class_list":{"0":"post-1268","1":"product","2":"type-product","3":"status-publish","4":"has-post-thumbnail","6":"product_cat-bastones","8":"first","9":"instock","10":"shipping-taxable","11":"purchasable","12":"product-type-variable"},"yoast_head":"<!-- This site is optimized with the Yoast SEO plugin v26.2 - https:\/\/yoast.com\/wordpress\/plugins\/seo\/ -->\n<title>Muletas axilares (Par) - Ortopedia Aleupa<\/title>\n<meta name=\"robots\" content=\"index, follow, max-snippet:-1, max-image-preview:large, max-video-preview:-1\" \/>\n<link rel=\"canonical\" href=\"https:\/\/aleupa.com\/?product=muletas-axilares-par\" \/>\n<meta property=\"og:locale\" content=\"es_ES\" \/>\n<meta property=\"og:type\" content=\"article\" \/>\n<meta property=\"og:title\" content=\"Muletas axilares (Par) - Ortopedia Aleupa\" \/>\n<meta property=\"og:description\" content=\"Fabricadas en aluminio. Ligeras y seguras. Disponen de doble regulaci\u00f3n para ajustar tanto la altura de la empu\u00f1adura como del apoyo axilar. Tanto las empu\u00f1aduras como los apoyos axilares est\u00e1n almohadillados para mayor comodidad del usuario. Conteras de goma antideslizantes. Disponibles en 3 tallas: JUNIOR para usuarios de estatura entre 1,35-1,60 m. ADULTO para usuarios [&hellip;]\" \/>\n<meta property=\"og:url\" content=\"https:\/\/aleupa.com\/?product=muletas-axilares-par\" \/>\n<meta property=\"og:site_name\" content=\"Ortopedia Aleupa\" \/>\n<meta property=\"article:modified_time\" content=\"2020-11-11T18:10:58+00:00\" \/>\n<meta property=\"og:image\" content=\"https:\/\/aleupa.com\/wp-content\/uploads\/2016\/10\/muletas-axilares-00.jpg\" \/>\n\t<meta property=\"og:image:width\" content=\"466\" \/>\n\t<meta property=\"og:image:height\" content=\"466\" \/>\n\t<meta property=\"og:image:type\" content=\"image\/jpeg\" \/>\n<meta name=\"twitter:card\" content=\"summary_large_image\" \/>\n<script type=\"application\/ld+json\" class=\"yoast-schema-graph\">{\"@context\":\"https:\/\/schema.org\",\"@graph\":[{\"@type\":\"WebPage\",\"@id\":\"https:\/\/aleupa.com\/?product=muletas-axilares-par\",\"url\":\"https:\/\/aleupa.com\/?product=muletas-axilares-par\",\"name\":\"Muletas axilares (Par) - Ortopedia Aleupa\",\"isPartOf\":{\"@id\":\"https:\/\/aleupa.com\/#website\"},\"primaryImageOfPage\":{\"@id\":\"https:\/\/aleupa.com\/?product=muletas-axilares-par#primaryimage\"},\"image\":{\"@id\":\"https:\/\/aleupa.com\/?product=muletas-axilares-par#primaryimage\"},\"thumbnailUrl\":\"https:\/\/aleupa.com\/wp-content\/uploads\/2016\/10\/muletas-axilares-00.jpg\",\"datePublished\":\"2016-10-26T17:50:05+00:00\",\"dateModified\":\"2020-11-11T18:10:58+00:00\",\"breadcrumb\":{\"@id\":\"https:\/\/aleupa.com\/?product=muletas-axilares-par#breadcrumb\"},\"inLanguage\":\"es\",\"potentialAction\":[{\"@type\":\"ReadAction\",\"target\":[\"https:\/\/aleupa.com\/?product=muletas-axilares-par\"]}]},{\"@type\":\"ImageObject\",\"inLanguage\":\"es\",\"@id\":\"https:\/\/aleupa.com\/?product=muletas-axilares-par#primaryimage\",\"url\":\"https:\/\/aleupa.com\/wp-content\/uploads\/2016\/10\/muletas-axilares-00.jpg\",\"contentUrl\":\"https:\/\/aleupa.com\/wp-content\/uploads\/2016\/10\/muletas-axilares-00.jpg\",\"width\":466,\"height\":466},{\"@type\":\"BreadcrumbList\",\"@id\":\"https:\/\/aleupa.com\/?product=muletas-axilares-par#breadcrumb\",\"itemListElement\":[{\"@type\":\"ListItem\",\"position\":1,\"name\":\"Portada\",\"item\":\"https:\/\/aleupa.com\/\"},{\"@type\":\"ListItem\",\"position\":2,\"name\":\"Tienda\",\"item\":\"https:\/\/aleupa.com\/?page_id=802\"},{\"@type\":\"ListItem\",\"position\":3,\"name\":\"Muletas axilares (Par)\"}]},{\"@type\":\"WebSite\",\"@id\":\"https:\/\/aleupa.com\/#website\",\"url\":\"https:\/\/aleupa.com\/\",\"name\":\"Ortopedia Aleupa\",\"description\":\"Ayudas a la dependencia\",\"alternateName\":\"Ortopedia en Puerto de la Cruz, Tenerife\",\"potentialAction\":[{\"@type\":\"SearchAction\",\"target\":{\"@type\":\"EntryPoint\",\"urlTemplate\":\"https:\/\/aleupa.com\/?s={search_term_string}\"},\"query-input\":{\"@type\":\"PropertyValueSpecification\",\"valueRequired\":true,\"valueName\":\"search_term_string\"}}],\"inLanguage\":\"es\"}]}<\/script>\n<!-- \/ Yoast SEO plugin. -->","yoast_head_json":{"title":"Muletas axilares (Par) - Ortopedia Aleupa","robots":{"index":"index","follow":"follow","max-snippet":"max-snippet:-1","max-image-preview":"max-image-preview:large","max-video-preview":"max-video-preview:-1"},"canonical":"https:\/\/aleupa.com\/?product=muletas-axilares-par","og_locale":"es_ES","og_type":"article","og_title":"Muletas axilares (Par) - Ortopedia Aleupa","og_description":"Fabricadas en aluminio. Ligeras y seguras. Disponen de doble regulaci\u00f3n para ajustar tanto la altura de la empu\u00f1adura como del apoyo axilar. Tanto las empu\u00f1aduras como los apoyos axilares est\u00e1n almohadillados para mayor comodidad del usuario. Conteras de goma antideslizantes. Disponibles en 3 tallas: JUNIOR para usuarios de estatura entre 1,35-1,60 m. ADULTO para usuarios [&hellip;]","og_url":"https:\/\/aleupa.com\/?product=muletas-axilares-par","og_site_name":"Ortopedia Aleupa","article_modified_time":"2020-11-11T18:10:58+00:00","og_image":[{"width":466,"height":466,"url":"https:\/\/aleupa.com\/wp-content\/uploads\/2016\/10\/muletas-axilares-00.jpg","type":"image\/jpeg"}],"twitter_card":"summary_large_image","schema":{"@context":"https:\/\/schema.org","@graph":[{"@type":"WebPage","@id":"https:\/\/aleupa.com\/?product=muletas-axilares-par","url":"https:\/\/aleupa.com\/?product=muletas-axilares-par","name":"Muletas axilares (Par) - Ortopedia Aleupa","isPartOf":{"@id":"https:\/\/aleupa.com\/#website"},"primaryImageOfPage":{"@id":"https:\/\/aleupa.com\/?product=muletas-axilares-par#primaryimage"},"image":{"@id":"https:\/\/aleupa.com\/?product=muletas-axilares-par#primaryimage"},"thumbnailUrl":"https:\/\/aleupa.com\/wp-content\/uploads\/2016\/10\/muletas-axilares-00.jpg","datePublished":"2016-10-26T17:50:05+00:00","dateModified":"2020-11-11T18:10:58+00:00","breadcrumb":{"@id":"https:\/\/aleupa.com\/?product=muletas-axilares-par#breadcrumb"},"inLanguage":"es","potentialAction":[{"@type":"ReadAction","target":["https:\/\/aleupa.com\/?product=muletas-axilares-par"]}]},{"@type":"ImageObject","inLanguage":"es","@id":"https:\/\/aleupa.com\/?product=muletas-axilares-par#primaryimage","url":"https:\/\/aleupa.com\/wp-content\/uploads\/2016\/10\/muletas-axilares-00.jpg","contentUrl":"https:\/\/aleupa.com\/wp-content\/uploads\/2016\/10\/muletas-axilares-00.jpg","width":466,"height":466},{"@type":"BreadcrumbList","@id":"https:\/\/aleupa.com\/?product=muletas-axilares-par#breadcrumb","itemListElement":[{"@type":"ListItem","position":1,"name":"Portada","item":"https:\/\/aleupa.com\/"},{"@type":"ListItem","position":2,"name":"Tienda","item":"https:\/\/aleupa.com\/?page_id=802"},{"@type":"ListItem","position":3,"name":"Muletas axilares (Par)"}]},{"@type":"WebSite","@id":"https:\/\/aleupa.com\/#website","url":"https:\/\/aleupa.com\/","name":"Ortopedia Aleupa","description":"Ayudas a la dependencia","alternateName":"Ortopedia en Puerto de la Cruz, Tenerife","potentialAction":[{"@type":"SearchAction","target":{"@type":"EntryPoint","urlTemplate":"https:\/\/aleupa.com\/?s={search_term_string}"},"query-input":{"@type":"PropertyValueSpecification","valueRequired":true,"valueName":"search_term_string"}}],"inLanguage":"es"}]}},"_links":{"self":[{"href":"https:\/\/aleupa.com\/index.php?rest_route=\/wp\/v2\/product\/1268","targetHints":{"allow":["GET"]}}],"collection":[{"href":"https:\/\/aleupa.com\/index.php?rest_route=\/wp\/v2\/product"}],"about":[{"href":"https:\/\/aleupa.com\/index.php?rest_route=\/wp\/v2\/types\/product"}],"replies":[{"embeddable":true,"href":"https:\/\/aleupa.com\/index.php?rest_route=%2Fwp%2Fv2%2Fcomments&post=1268"}],"wp:featuredmedia":[{"embeddable":true,"href":"https:\/\/aleupa.com\/index.php?rest_route=\/wp\/v2\/media\/1273"}],"wp:attachment":[{"href":"https:\/\/aleupa.com\/index.php?rest_route=%2Fwp%2Fv2%2Fmedia&parent=1268"}],"wp:term":[{"taxonomy":"product_brand","embeddable":true,"href":"https:\/\/aleupa.com\/index.php?rest_route=%2Fwp%2Fv2%2Fproduct_brand&post=1268"},{"taxonomy":"product_cat","embeddable":true,"href":"https:\/\/aleupa.com\/index.php?rest_route=%2Fwp%2Fv2%2Fproduct_cat&post=1268"},{"taxonomy":"product_tag","embeddable":true,"href":"https:\/\/aleupa.com\/index.php?rest_route=%2Fwp%2Fv2%2Fproduct_tag&post=1268"}],"curies":[{"name":"wp","href":"https:\/\/api.w.org\/{rel}","templated":true}]}}