{"id":1469,"date":"2017-02-09T19:26:05","date_gmt":"2017-02-09T19:26:05","guid":{"rendered":"http:\/\/www.aleupa.com\/?post_type=product&#038;p=1469"},"modified":"2020-11-06T13:33:02","modified_gmt":"2020-11-06T13:33:02","slug":"rollator-de-aluminio-quadri-ligth","status":"publish","type":"product","link":"https:\/\/aleupa.com\/?product=rollator-de-aluminio-quadri-ligth","title":{"rendered":"Rollator de aluminio \u00abQuadri-Light\u00bb"},"content":{"rendered":"<ul>\n<li>\n<p style=\"text-align: justify;\">Rollator de aluminio, ligero y plegable.<\/p>\n<\/li>\n<li style=\"text-align: justify;\">\n<p dir=\"ltr\" align=\"LEFT\">Perfecto para personas con cierta inestabilidad al caminar pero que todav\u00eda son capaces de utilizar los frenos si se desequilibran.<\/p>\n<\/li>\n<li style=\"text-align: justify;\">\n<p dir=\"ltr\" align=\"LEFT\">Empu\u00f1aduras regulables en altura. \u00a06 posiciones de regulaci\u00f3n a intervalos de 2,5 cm. permiten variar la altura de 80,5 a 93 cm.<\/p>\n<\/li>\n<li style=\"text-align: justify;\">\n<p dir=\"ltr\" align=\"LEFT\">El sistema de frenado Incorpora \u00a0manetas de freno con posici\u00f3n de estacionamiento, cableado interno hasta las ruedas traseras.<\/p>\n<\/li>\n<li style=\"text-align: justify;\">\n<p dir=\"ltr\" align=\"LEFT\">4 Ruedas de PU macizo. \u00a02 Delanteras de 20&#215;4 cm. con piezas reflectantes para mayor visibilidad \u00a0y dos traseras de 17&#215;4 cm. \u00a0Cada rueda dispone de tornillo pasador que permite fijar la rueda durante la marcha. \u00a0Cuando se libera es posible flexionar las ruedas para reducir el plegado a la m\u00ednima expresi\u00f3n si hiciera falta para acomodarlo en el maletero m\u00e1s peque\u00f1o o en la bolsa de transporte (opcional).<\/p>\n<\/li>\n<li style=\"text-align: justify;\">\n<p dir=\"ltr\" align=\"LEFT\">Amplio asiento (45 x20 cm) fabricado en una malla muy resistente \u00a0provisto de asa de pleglado y combinado con un respaldo que permite el apoyo y descanso de la espalda del usuario.<\/p>\n<\/li>\n<li style=\"text-align: justify;\">\n<p dir=\"ltr\" align=\"LEFT\">Altura del asiento: \u00a061 cm.<\/p>\n<\/li>\n<li style=\"text-align: justify;\">\n<p dir=\"ltr\" align=\"LEFT\">Se suministra con un porta-muletas y una bolsa extraible.<\/p>\n<\/li>\n<li style=\"text-align: justify;\">\n<p dir=\"ltr\" align=\"LEFT\">Ancho total: \u00a065 cm. \u00a0(Plegado: \u00a029,00 cm.)<\/p>\n<\/li>\n<li style=\"text-align: justify;\">\n<p dir=\"ltr\" align=\"LEFT\">Profundidad: \u00a070 cm.<\/p>\n<\/li>\n<li style=\"text-align: justify;\">\n<p dir=\"ltr\" align=\"LEFT\">Peso: \u00a07,2 Kg.<\/p>\n<\/li>\n<li>\n<p dir=\"ltr\" style=\"text-align: justify;\" align=\"LEFT\">Carga m\u00e1xima: \u00a0130 Kg.<\/p>\n<\/li>\n<\/ul>\n<p><img loading=\"lazy\" decoding=\"async\" class=\"\" src=\"http:\/\/www.vermeiren.es\/web\/web.nsf\/VermeirenLogo.png\" alt=\"\" width=\"105\" height=\"105\" \/><\/p>\n","protected":false},"excerpt":{"rendered":"<p>Rollator de aluminio ligero y plegable.<\/p>\n","protected":false},"featured_media":1477,"comment_status":"open","ping_status":"closed","template":"","meta":{"_et_pb_use_builder":"","_et_pb_old_content":"","_et_gb_content_width":""},"product_brand":[],"product_cat":[576],"product_tag":[282],"class_list":{"0":"post-1469","1":"product","2":"type-product","3":"status-publish","4":"has-post-thumbnail","6":"product_cat-andador-con-4-ruedas-rollator","7":"product_tag-andadores","9":"first","10":"instock","11":"shipping-taxable","12":"purchasable","13":"product-type-simple"},"yoast_head":"<!-- This site is optimized with the Yoast SEO plugin v26.2 - https:\/\/yoast.com\/wordpress\/plugins\/seo\/ -->\n<title>Rollator de aluminio &quot;Quadri-Light&quot; - Ortopedia Aleupa<\/title>\n<meta name=\"robots\" content=\"index, follow, max-snippet:-1, max-image-preview:large, max-video-preview:-1\" \/>\n<link rel=\"canonical\" href=\"https:\/\/aleupa.com\/?product=rollator-de-aluminio-quadri-ligth\" \/>\n<meta property=\"og:locale\" content=\"es_ES\" \/>\n<meta property=\"og:type\" content=\"article\" \/>\n<meta property=\"og:title\" content=\"Rollator de aluminio &quot;Quadri-Light&quot; - Ortopedia Aleupa\" \/>\n<meta property=\"og:description\" content=\"Rollator de aluminio ligero y plegable.\" \/>\n<meta property=\"og:url\" content=\"https:\/\/aleupa.com\/?product=rollator-de-aluminio-quadri-ligth\" \/>\n<meta property=\"og:site_name\" content=\"Ortopedia Aleupa\" \/>\n<meta property=\"article:modified_time\" content=\"2020-11-06T13:33:02+00:00\" \/>\n<meta property=\"og:image\" content=\"https:\/\/aleupa.com\/wp-content\/uploads\/2017\/02\/web_Quadri-light.jpg\" \/>\n\t<meta property=\"og:image:width\" content=\"403\" \/>\n\t<meta property=\"og:image:height\" content=\"334\" \/>\n\t<meta property=\"og:image:type\" content=\"image\/jpeg\" \/>\n<meta name=\"twitter:card\" content=\"summary_large_image\" \/>\n<meta name=\"twitter:label1\" content=\"Tiempo de lectura\" \/>\n\t<meta name=\"twitter:data1\" content=\"1 minuto\" \/>\n<script type=\"application\/ld+json\" class=\"yoast-schema-graph\">{\"@context\":\"https:\/\/schema.org\",\"@graph\":[{\"@type\":\"WebPage\",\"@id\":\"https:\/\/aleupa.com\/?product=rollator-de-aluminio-quadri-ligth\",\"url\":\"https:\/\/aleupa.com\/?product=rollator-de-aluminio-quadri-ligth\",\"name\":\"Rollator de aluminio \\\"Quadri-Light\\\" - Ortopedia Aleupa\",\"isPartOf\":{\"@id\":\"https:\/\/aleupa.com\/#website\"},\"primaryImageOfPage\":{\"@id\":\"https:\/\/aleupa.com\/?product=rollator-de-aluminio-quadri-ligth#primaryimage\"},\"image\":{\"@id\":\"https:\/\/aleupa.com\/?product=rollator-de-aluminio-quadri-ligth#primaryimage\"},\"thumbnailUrl\":\"https:\/\/aleupa.com\/wp-content\/uploads\/2017\/02\/web_Quadri-light.jpg\",\"datePublished\":\"2017-02-09T19:26:05+00:00\",\"dateModified\":\"2020-11-06T13:33:02+00:00\",\"breadcrumb\":{\"@id\":\"https:\/\/aleupa.com\/?product=rollator-de-aluminio-quadri-ligth#breadcrumb\"},\"inLanguage\":\"es\",\"potentialAction\":[{\"@type\":\"ReadAction\",\"target\":[\"https:\/\/aleupa.com\/?product=rollator-de-aluminio-quadri-ligth\"]}]},{\"@type\":\"ImageObject\",\"inLanguage\":\"es\",\"@id\":\"https:\/\/aleupa.com\/?product=rollator-de-aluminio-quadri-ligth#primaryimage\",\"url\":\"https:\/\/aleupa.com\/wp-content\/uploads\/2017\/02\/web_Quadri-light.jpg\",\"contentUrl\":\"https:\/\/aleupa.com\/wp-content\/uploads\/2017\/02\/web_Quadri-light.jpg\",\"width\":403,\"height\":334},{\"@type\":\"BreadcrumbList\",\"@id\":\"https:\/\/aleupa.com\/?product=rollator-de-aluminio-quadri-ligth#breadcrumb\",\"itemListElement\":[{\"@type\":\"ListItem\",\"position\":1,\"name\":\"Portada\",\"item\":\"https:\/\/aleupa.com\/\"},{\"@type\":\"ListItem\",\"position\":2,\"name\":\"Tienda\",\"item\":\"https:\/\/aleupa.com\/?page_id=802\"},{\"@type\":\"ListItem\",\"position\":3,\"name\":\"Rollator de aluminio \u00abQuadri-Light\u00bb\"}]},{\"@type\":\"WebSite\",\"@id\":\"https:\/\/aleupa.com\/#website\",\"url\":\"https:\/\/aleupa.com\/\",\"name\":\"Ortopedia Aleupa\",\"description\":\"Ayudas a la dependencia\",\"alternateName\":\"Ortopedia en Puerto de la Cruz, Tenerife\",\"potentialAction\":[{\"@type\":\"SearchAction\",\"target\":{\"@type\":\"EntryPoint\",\"urlTemplate\":\"https:\/\/aleupa.com\/?s={search_term_string}\"},\"query-input\":{\"@type\":\"PropertyValueSpecification\",\"valueRequired\":true,\"valueName\":\"search_term_string\"}}],\"inLanguage\":\"es\"}]}<\/script>\n<!-- \/ Yoast SEO plugin. -->","yoast_head_json":{"title":"Rollator de aluminio \"Quadri-Light\" - Ortopedia Aleupa","robots":{"index":"index","follow":"follow","max-snippet":"max-snippet:-1","max-image-preview":"max-image-preview:large","max-video-preview":"max-video-preview:-1"},"canonical":"https:\/\/aleupa.com\/?product=rollator-de-aluminio-quadri-ligth","og_locale":"es_ES","og_type":"article","og_title":"Rollator de aluminio \"Quadri-Light\" - Ortopedia Aleupa","og_description":"Rollator de aluminio ligero y plegable.","og_url":"https:\/\/aleupa.com\/?product=rollator-de-aluminio-quadri-ligth","og_site_name":"Ortopedia Aleupa","article_modified_time":"2020-11-06T13:33:02+00:00","og_image":[{"width":403,"height":334,"url":"https:\/\/aleupa.com\/wp-content\/uploads\/2017\/02\/web_Quadri-light.jpg","type":"image\/jpeg"}],"twitter_card":"summary_large_image","twitter_misc":{"Tiempo de lectura":"1 minuto"},"schema":{"@context":"https:\/\/schema.org","@graph":[{"@type":"WebPage","@id":"https:\/\/aleupa.com\/?product=rollator-de-aluminio-quadri-ligth","url":"https:\/\/aleupa.com\/?product=rollator-de-aluminio-quadri-ligth","name":"Rollator de aluminio \"Quadri-Light\" - Ortopedia Aleupa","isPartOf":{"@id":"https:\/\/aleupa.com\/#website"},"primaryImageOfPage":{"@id":"https:\/\/aleupa.com\/?product=rollator-de-aluminio-quadri-ligth#primaryimage"},"image":{"@id":"https:\/\/aleupa.com\/?product=rollator-de-aluminio-quadri-ligth#primaryimage"},"thumbnailUrl":"https:\/\/aleupa.com\/wp-content\/uploads\/2017\/02\/web_Quadri-light.jpg","datePublished":"2017-02-09T19:26:05+00:00","dateModified":"2020-11-06T13:33:02+00:00","breadcrumb":{"@id":"https:\/\/aleupa.com\/?product=rollator-de-aluminio-quadri-ligth#breadcrumb"},"inLanguage":"es","potentialAction":[{"@type":"ReadAction","target":["https:\/\/aleupa.com\/?product=rollator-de-aluminio-quadri-ligth"]}]},{"@type":"ImageObject","inLanguage":"es","@id":"https:\/\/aleupa.com\/?product=rollator-de-aluminio-quadri-ligth#primaryimage","url":"https:\/\/aleupa.com\/wp-content\/uploads\/2017\/02\/web_Quadri-light.jpg","contentUrl":"https:\/\/aleupa.com\/wp-content\/uploads\/2017\/02\/web_Quadri-light.jpg","width":403,"height":334},{"@type":"BreadcrumbList","@id":"https:\/\/aleupa.com\/?product=rollator-de-aluminio-quadri-ligth#breadcrumb","itemListElement":[{"@type":"ListItem","position":1,"name":"Portada","item":"https:\/\/aleupa.com\/"},{"@type":"ListItem","position":2,"name":"Tienda","item":"https:\/\/aleupa.com\/?page_id=802"},{"@type":"ListItem","position":3,"name":"Rollator de aluminio \u00abQuadri-Light\u00bb"}]},{"@type":"WebSite","@id":"https:\/\/aleupa.com\/#website","url":"https:\/\/aleupa.com\/","name":"Ortopedia Aleupa","description":"Ayudas a la dependencia","alternateName":"Ortopedia en Puerto de la Cruz, Tenerife","potentialAction":[{"@type":"SearchAction","target":{"@type":"EntryPoint","urlTemplate":"https:\/\/aleupa.com\/?s={search_term_string}"},"query-input":{"@type":"PropertyValueSpecification","valueRequired":true,"valueName":"search_term_string"}}],"inLanguage":"es"}]}},"_links":{"self":[{"href":"https:\/\/aleupa.com\/index.php?rest_route=\/wp\/v2\/product\/1469","targetHints":{"allow":["GET"]}}],"collection":[{"href":"https:\/\/aleupa.com\/index.php?rest_route=\/wp\/v2\/product"}],"about":[{"href":"https:\/\/aleupa.com\/index.php?rest_route=\/wp\/v2\/types\/product"}],"replies":[{"embeddable":true,"href":"https:\/\/aleupa.com\/index.php?rest_route=%2Fwp%2Fv2%2Fcomments&post=1469"}],"wp:featuredmedia":[{"embeddable":true,"href":"https:\/\/aleupa.com\/index.php?rest_route=\/wp\/v2\/media\/1477"}],"wp:attachment":[{"href":"https:\/\/aleupa.com\/index.php?rest_route=%2Fwp%2Fv2%2Fmedia&parent=1469"}],"wp:term":[{"taxonomy":"product_brand","embeddable":true,"href":"https:\/\/aleupa.com\/index.php?rest_route=%2Fwp%2Fv2%2Fproduct_brand&post=1469"},{"taxonomy":"product_cat","embeddable":true,"href":"https:\/\/aleupa.com\/index.php?rest_route=%2Fwp%2Fv2%2Fproduct_cat&post=1469"},{"taxonomy":"product_tag","embeddable":true,"href":"https:\/\/aleupa.com\/index.php?rest_route=%2Fwp%2Fv2%2Fproduct_tag&post=1469"}],"curies":[{"name":"wp","href":"https:\/\/api.w.org\/{rel}","templated":true}]}}