{"id":3947,"date":"2020-08-21T15:48:01","date_gmt":"2020-08-21T15:48:01","guid":{"rendered":"http:\/\/www.aleupa.com\/?post_type=product&#038;p=3947"},"modified":"2020-11-11T18:29:23","modified_gmt":"2020-11-11T18:29:23","slug":"cama-gerimatic","status":"publish","type":"product","link":"https:\/\/aleupa.com\/?product=cama-gerimatic","title":{"rendered":"Cama \u00abGerimatic\u00bb"},"content":{"rendered":"<p>Somier fabricado en 4 planos y 3 articulaciones Mod.Gerimatic<\/p>\n<p>Altura variable gracias a sus patas regulables 39-62 cm.<\/p>\n<ul>\n<li>Bastidor exterior en tubo acerado de 60 x 20mm, el interior de 30 x 30mm.<\/li>\n<li>Terminado en pintura epoxi, secado al horno, gran resistencia al impacto, corrosi\u00f3n y oxidaci\u00f3n.<\/li>\n<li>24 l\u00e1minas de madera de haya en papel carbono.<\/li>\n<li>Motor el\u00e9ctrico silencioso de gran calidad y seguridad.<\/li>\n<li>Mando por cable.<\/li>\n<\/ul>\n<p>Este producto se dispensa con colch\u00f3n de espuma pu\/viscoelastica de 15 cm.(12cm poliuretano HR + 3cm visco) de funda sanitaria desfundable, impermeable, transpirable, anti\u00e1caros, antibacterias e ign\u00edfuga.<\/p>\n<p><img loading=\"lazy\" decoding=\"async\" class=\"\" src=\"https:\/\/www.somicat.com\/img\/logo-somicat-es.png\" alt=\"Logo\" width=\"165\" height=\"55\" \/><\/p>\n","protected":false},"excerpt":{"rendered":"<p>Somier fabricado en 4 planos y 3 articulaciones Mod.Gerimatic Altura variable gracias a sus patas regulables 39-62 cm. Bastidor exterior en tubo acerado de 60 x 20mm, el interior de 30 x 30mm. Terminado en pintura epoxi, secado al horno, gran resistencia al impacto, corrosi\u00f3n y oxidaci\u00f3n. 24 l\u00e1minas de madera de haya en papel [&hellip;]<\/p>\n","protected":false},"featured_media":3945,"comment_status":"open","ping_status":"closed","template":"","meta":{"_et_pb_use_builder":"","_et_pb_old_content":"","_et_gb_content_width":""},"product_brand":[],"product_cat":[211],"product_tag":[614],"class_list":{"0":"post-3947","1":"product","2":"type-product","3":"status-publish","4":"has-post-thumbnail","6":"product_cat-cama-y-accesorios","7":"product_tag-cama-articulada","8":"product_shipping_class-tourline-express","10":"first","11":"instock","12":"shipping-taxable","13":"purchasable","14":"product-type-variable","15":"has-default-attributes"},"yoast_head":"<!-- This site is optimized with the Yoast SEO plugin v26.2 - https:\/\/yoast.com\/wordpress\/plugins\/seo\/ -->\n<title>Cama &quot;Gerimatic&quot; - Ortopedia Aleupa<\/title>\n<meta name=\"robots\" content=\"index, follow, max-snippet:-1, max-image-preview:large, max-video-preview:-1\" \/>\n<link rel=\"canonical\" href=\"https:\/\/aleupa.com\/?product=cama-gerimatic\" \/>\n<meta property=\"og:locale\" content=\"es_ES\" \/>\n<meta property=\"og:type\" content=\"article\" \/>\n<meta property=\"og:title\" content=\"Cama &quot;Gerimatic&quot; - Ortopedia Aleupa\" \/>\n<meta property=\"og:description\" content=\"Somier fabricado en 4 planos y 3 articulaciones Mod.Gerimatic Altura variable gracias a sus patas regulables 39-62 cm. Bastidor exterior en tubo acerado de 60 x 20mm, el interior de 30 x 30mm. Terminado en pintura epoxi, secado al horno, gran resistencia al impacto, corrosi\u00f3n y oxidaci\u00f3n. 24 l\u00e1minas de madera de haya en papel [&hellip;]\" \/>\n<meta property=\"og:url\" content=\"https:\/\/aleupa.com\/?product=cama-gerimatic\" \/>\n<meta property=\"og:site_name\" content=\"Ortopedia Aleupa\" \/>\n<meta property=\"article:modified_time\" content=\"2020-11-11T18:29:23+00:00\" \/>\n<meta property=\"og:image\" content=\"https:\/\/aleupa.com\/wp-content\/uploads\/2020\/08\/somicat-gerimatic.jpg\" \/>\n\t<meta property=\"og:image:width\" content=\"500\" \/>\n\t<meta property=\"og:image:height\" content=\"500\" \/>\n\t<meta property=\"og:image:type\" content=\"image\/jpeg\" \/>\n<meta name=\"twitter:card\" content=\"summary_large_image\" \/>\n<script type=\"application\/ld+json\" class=\"yoast-schema-graph\">{\"@context\":\"https:\/\/schema.org\",\"@graph\":[{\"@type\":\"WebPage\",\"@id\":\"https:\/\/aleupa.com\/?product=cama-gerimatic\",\"url\":\"https:\/\/aleupa.com\/?product=cama-gerimatic\",\"name\":\"Cama \\\"Gerimatic\\\" - Ortopedia Aleupa\",\"isPartOf\":{\"@id\":\"https:\/\/aleupa.com\/#website\"},\"primaryImageOfPage\":{\"@id\":\"https:\/\/aleupa.com\/?product=cama-gerimatic#primaryimage\"},\"image\":{\"@id\":\"https:\/\/aleupa.com\/?product=cama-gerimatic#primaryimage\"},\"thumbnailUrl\":\"https:\/\/aleupa.com\/wp-content\/uploads\/2020\/08\/somicat-gerimatic.jpg\",\"datePublished\":\"2020-08-21T15:48:01+00:00\",\"dateModified\":\"2020-11-11T18:29:23+00:00\",\"breadcrumb\":{\"@id\":\"https:\/\/aleupa.com\/?product=cama-gerimatic#breadcrumb\"},\"inLanguage\":\"es\",\"potentialAction\":[{\"@type\":\"ReadAction\",\"target\":[\"https:\/\/aleupa.com\/?product=cama-gerimatic\"]}]},{\"@type\":\"ImageObject\",\"inLanguage\":\"es\",\"@id\":\"https:\/\/aleupa.com\/?product=cama-gerimatic#primaryimage\",\"url\":\"https:\/\/aleupa.com\/wp-content\/uploads\/2020\/08\/somicat-gerimatic.jpg\",\"contentUrl\":\"https:\/\/aleupa.com\/wp-content\/uploads\/2020\/08\/somicat-gerimatic.jpg\",\"width\":500,\"height\":500},{\"@type\":\"BreadcrumbList\",\"@id\":\"https:\/\/aleupa.com\/?product=cama-gerimatic#breadcrumb\",\"itemListElement\":[{\"@type\":\"ListItem\",\"position\":1,\"name\":\"Portada\",\"item\":\"https:\/\/aleupa.com\/\"},{\"@type\":\"ListItem\",\"position\":2,\"name\":\"Tienda\",\"item\":\"https:\/\/aleupa.com\/?page_id=802\"},{\"@type\":\"ListItem\",\"position\":3,\"name\":\"Cama \u00abGerimatic\u00bb\"}]},{\"@type\":\"WebSite\",\"@id\":\"https:\/\/aleupa.com\/#website\",\"url\":\"https:\/\/aleupa.com\/\",\"name\":\"Ortopedia Aleupa\",\"description\":\"Ayudas a la dependencia\",\"alternateName\":\"Ortopedia en Puerto de la Cruz, Tenerife\",\"potentialAction\":[{\"@type\":\"SearchAction\",\"target\":{\"@type\":\"EntryPoint\",\"urlTemplate\":\"https:\/\/aleupa.com\/?s={search_term_string}\"},\"query-input\":{\"@type\":\"PropertyValueSpecification\",\"valueRequired\":true,\"valueName\":\"search_term_string\"}}],\"inLanguage\":\"es\"}]}<\/script>\n<!-- \/ Yoast SEO plugin. -->","yoast_head_json":{"title":"Cama \"Gerimatic\" - Ortopedia Aleupa","robots":{"index":"index","follow":"follow","max-snippet":"max-snippet:-1","max-image-preview":"max-image-preview:large","max-video-preview":"max-video-preview:-1"},"canonical":"https:\/\/aleupa.com\/?product=cama-gerimatic","og_locale":"es_ES","og_type":"article","og_title":"Cama \"Gerimatic\" - Ortopedia Aleupa","og_description":"Somier fabricado en 4 planos y 3 articulaciones Mod.Gerimatic Altura variable gracias a sus patas regulables 39-62 cm. Bastidor exterior en tubo acerado de 60 x 20mm, el interior de 30 x 30mm. Terminado en pintura epoxi, secado al horno, gran resistencia al impacto, corrosi\u00f3n y oxidaci\u00f3n. 24 l\u00e1minas de madera de haya en papel [&hellip;]","og_url":"https:\/\/aleupa.com\/?product=cama-gerimatic","og_site_name":"Ortopedia Aleupa","article_modified_time":"2020-11-11T18:29:23+00:00","og_image":[{"width":500,"height":500,"url":"https:\/\/aleupa.com\/wp-content\/uploads\/2020\/08\/somicat-gerimatic.jpg","type":"image\/jpeg"}],"twitter_card":"summary_large_image","schema":{"@context":"https:\/\/schema.org","@graph":[{"@type":"WebPage","@id":"https:\/\/aleupa.com\/?product=cama-gerimatic","url":"https:\/\/aleupa.com\/?product=cama-gerimatic","name":"Cama \"Gerimatic\" - Ortopedia Aleupa","isPartOf":{"@id":"https:\/\/aleupa.com\/#website"},"primaryImageOfPage":{"@id":"https:\/\/aleupa.com\/?product=cama-gerimatic#primaryimage"},"image":{"@id":"https:\/\/aleupa.com\/?product=cama-gerimatic#primaryimage"},"thumbnailUrl":"https:\/\/aleupa.com\/wp-content\/uploads\/2020\/08\/somicat-gerimatic.jpg","datePublished":"2020-08-21T15:48:01+00:00","dateModified":"2020-11-11T18:29:23+00:00","breadcrumb":{"@id":"https:\/\/aleupa.com\/?product=cama-gerimatic#breadcrumb"},"inLanguage":"es","potentialAction":[{"@type":"ReadAction","target":["https:\/\/aleupa.com\/?product=cama-gerimatic"]}]},{"@type":"ImageObject","inLanguage":"es","@id":"https:\/\/aleupa.com\/?product=cama-gerimatic#primaryimage","url":"https:\/\/aleupa.com\/wp-content\/uploads\/2020\/08\/somicat-gerimatic.jpg","contentUrl":"https:\/\/aleupa.com\/wp-content\/uploads\/2020\/08\/somicat-gerimatic.jpg","width":500,"height":500},{"@type":"BreadcrumbList","@id":"https:\/\/aleupa.com\/?product=cama-gerimatic#breadcrumb","itemListElement":[{"@type":"ListItem","position":1,"name":"Portada","item":"https:\/\/aleupa.com\/"},{"@type":"ListItem","position":2,"name":"Tienda","item":"https:\/\/aleupa.com\/?page_id=802"},{"@type":"ListItem","position":3,"name":"Cama \u00abGerimatic\u00bb"}]},{"@type":"WebSite","@id":"https:\/\/aleupa.com\/#website","url":"https:\/\/aleupa.com\/","name":"Ortopedia Aleupa","description":"Ayudas a la dependencia","alternateName":"Ortopedia en Puerto de la Cruz, Tenerife","potentialAction":[{"@type":"SearchAction","target":{"@type":"EntryPoint","urlTemplate":"https:\/\/aleupa.com\/?s={search_term_string}"},"query-input":{"@type":"PropertyValueSpecification","valueRequired":true,"valueName":"search_term_string"}}],"inLanguage":"es"}]}},"_links":{"self":[{"href":"https:\/\/aleupa.com\/index.php?rest_route=\/wp\/v2\/product\/3947","targetHints":{"allow":["GET"]}}],"collection":[{"href":"https:\/\/aleupa.com\/index.php?rest_route=\/wp\/v2\/product"}],"about":[{"href":"https:\/\/aleupa.com\/index.php?rest_route=\/wp\/v2\/types\/product"}],"replies":[{"embeddable":true,"href":"https:\/\/aleupa.com\/index.php?rest_route=%2Fwp%2Fv2%2Fcomments&post=3947"}],"wp:featuredmedia":[{"embeddable":true,"href":"https:\/\/aleupa.com\/index.php?rest_route=\/wp\/v2\/media\/3945"}],"wp:attachment":[{"href":"https:\/\/aleupa.com\/index.php?rest_route=%2Fwp%2Fv2%2Fmedia&parent=3947"}],"wp:term":[{"taxonomy":"product_brand","embeddable":true,"href":"https:\/\/aleupa.com\/index.php?rest_route=%2Fwp%2Fv2%2Fproduct_brand&post=3947"},{"taxonomy":"product_cat","embeddable":true,"href":"https:\/\/aleupa.com\/index.php?rest_route=%2Fwp%2Fv2%2Fproduct_cat&post=3947"},{"taxonomy":"product_tag","embeddable":true,"href":"https:\/\/aleupa.com\/index.php?rest_route=%2Fwp%2Fv2%2Fproduct_tag&post=3947"}],"curies":[{"name":"wp","href":"https:\/\/api.w.org\/{rel}","templated":true}]}}