{"id":4202,"date":"2020-09-08T16:18:52","date_gmt":"2020-09-08T16:18:52","guid":{"rendered":"http:\/\/www.aleupa.com\/?post_type=product&#038;p=4202"},"modified":"2020-11-11T18:25:42","modified_gmt":"2020-11-11T18:25:42","slug":"travesero-empapador-con-alas","status":"publish","type":"product","link":"https:\/\/aleupa.com\/?product=travesero-empapador-con-alas","title":{"rendered":"Travesero empapador con alas"},"content":{"rendered":"<p>Especialmente indicado en procesos de incontinencia urinaria.<\/p>\n<p>Protege la piel de la micciones, debido a la alta capacidad de absorci\u00f3n (3,5 litros\/m2) y a su primera capa de tejido de rejilla que permite la inmediata penetraci\u00f3n de los fluidos desplazando la humedad al interior del s\u00e1ndwich.<\/p>\n<p>Alas laterales para la remetida (sujeci\u00f3n bajo el colch\u00f3n).<\/p>\n<p>Impermeable y absorbente.<\/p>\n<p>Impide manchar las s\u00e1banas y colch\u00f3n. (Se utiliza sobre la s\u00e1bana bajera)<\/p>\n<p><strong>Composici\u00f3n:<\/strong><\/p>\n<p>Cara superior:\u00a0 100% poliester.<\/p>\n<p>Guata interior:\u00a0 20% poliester 80% polipropileno especial de alta absorci\u00f3n.<\/p>\n<p>Cara inferior:\u00a0 resistente PVC inpermeable sobre tejido percal<\/p>\n<p>Ecol\u00f3gico:\u00a0 por su condici\u00f3n de reutilizables (relavables durante a\u00f1os sin perder sus cualidades, contribuyen a la mejora del medio ambiente, frente a los productos desechables).<\/p>\n<p><strong>Mantenimiento:<\/strong><\/p>\n<p>Lavable a mano o a m\u00e1quina a no m\u00e1s de 60\u00ba con detergente de uso dom\u00e9stico (no agresivo)<\/p>\n<p>Secado 40\u00ba<\/p>\n<p>No precisa plancha.<\/p>\n<p>No lavar en seco ni usar disolventes.<\/p>\n<p>Disponible para diferentes tama\u00f1os de colch\u00f3n.<\/p>\n<p><img loading=\"lazy\" decoding=\"async\" class=\"n3VNCb\" src=\"https:\/\/ortopedia.com\/img\/m\/20.jpg\" alt=\"COJ\u00cdN ANTIESCARAS CUADRADO CON AGUJERO\" width=\"115\" height=\"121\" data-noaft=\"1\" \/><\/p>\n","protected":false},"excerpt":{"rendered":"<p>Travesero empapador impermeable protector de s\u00e1banas.<\/p>\n","protected":false},"featured_media":4205,"comment_status":"open","ping_status":"closed","template":"","meta":{"_et_pb_use_builder":"","_et_pb_old_content":"","_et_gb_content_width":""},"product_brand":[],"product_cat":[209],"product_tag":[],"class_list":{"0":"post-4202","1":"product","2":"type-product","3":"status-publish","4":"has-post-thumbnail","6":"product_cat-incontinencia","7":"product_shipping_class-tourline-express","9":"first","10":"instock","11":"shipping-taxable","12":"purchasable","13":"product-type-variable"},"yoast_head":"<!-- This site is optimized with the Yoast SEO plugin v26.2 - https:\/\/yoast.com\/wordpress\/plugins\/seo\/ -->\n<title>Travesero empapador con alas - Ortopedia Aleupa<\/title>\n<meta name=\"robots\" content=\"index, follow, max-snippet:-1, max-image-preview:large, max-video-preview:-1\" \/>\n<link rel=\"canonical\" href=\"https:\/\/aleupa.com\/?product=travesero-empapador-con-alas\" \/>\n<meta property=\"og:locale\" content=\"es_ES\" \/>\n<meta property=\"og:type\" content=\"article\" \/>\n<meta property=\"og:title\" content=\"Travesero empapador con alas - Ortopedia Aleupa\" \/>\n<meta property=\"og:description\" content=\"Travesero empapador impermeable protector de s\u00e1banas.\" \/>\n<meta property=\"og:url\" content=\"https:\/\/aleupa.com\/?product=travesero-empapador-con-alas\" \/>\n<meta property=\"og:site_name\" content=\"Ortopedia Aleupa\" \/>\n<meta property=\"article:modified_time\" content=\"2020-11-11T18:25:42+00:00\" \/>\n<meta property=\"og:image\" content=\"https:\/\/aleupa.com\/wp-content\/uploads\/2020\/09\/travesero-emapapador-absorvente-para-cama.jpg\" \/>\n\t<meta property=\"og:image:width\" content=\"500\" \/>\n\t<meta property=\"og:image:height\" content=\"500\" \/>\n\t<meta property=\"og:image:type\" content=\"image\/jpeg\" \/>\n<meta name=\"twitter:card\" content=\"summary_large_image\" \/>\n<meta name=\"twitter:label1\" content=\"Tiempo de lectura\" \/>\n\t<meta name=\"twitter:data1\" content=\"1 minuto\" \/>\n<script type=\"application\/ld+json\" class=\"yoast-schema-graph\">{\"@context\":\"https:\/\/schema.org\",\"@graph\":[{\"@type\":\"WebPage\",\"@id\":\"https:\/\/aleupa.com\/?product=travesero-empapador-con-alas\",\"url\":\"https:\/\/aleupa.com\/?product=travesero-empapador-con-alas\",\"name\":\"Travesero empapador con alas - Ortopedia Aleupa\",\"isPartOf\":{\"@id\":\"https:\/\/aleupa.com\/#website\"},\"primaryImageOfPage\":{\"@id\":\"https:\/\/aleupa.com\/?product=travesero-empapador-con-alas#primaryimage\"},\"image\":{\"@id\":\"https:\/\/aleupa.com\/?product=travesero-empapador-con-alas#primaryimage\"},\"thumbnailUrl\":\"https:\/\/aleupa.com\/wp-content\/uploads\/2020\/09\/travesero-emapapador-absorvente-para-cama.jpg\",\"datePublished\":\"2020-09-08T16:18:52+00:00\",\"dateModified\":\"2020-11-11T18:25:42+00:00\",\"breadcrumb\":{\"@id\":\"https:\/\/aleupa.com\/?product=travesero-empapador-con-alas#breadcrumb\"},\"inLanguage\":\"es\",\"potentialAction\":[{\"@type\":\"ReadAction\",\"target\":[\"https:\/\/aleupa.com\/?product=travesero-empapador-con-alas\"]}]},{\"@type\":\"ImageObject\",\"inLanguage\":\"es\",\"@id\":\"https:\/\/aleupa.com\/?product=travesero-empapador-con-alas#primaryimage\",\"url\":\"https:\/\/aleupa.com\/wp-content\/uploads\/2020\/09\/travesero-emapapador-absorvente-para-cama.jpg\",\"contentUrl\":\"https:\/\/aleupa.com\/wp-content\/uploads\/2020\/09\/travesero-emapapador-absorvente-para-cama.jpg\",\"width\":500,\"height\":500},{\"@type\":\"BreadcrumbList\",\"@id\":\"https:\/\/aleupa.com\/?product=travesero-empapador-con-alas#breadcrumb\",\"itemListElement\":[{\"@type\":\"ListItem\",\"position\":1,\"name\":\"Portada\",\"item\":\"https:\/\/aleupa.com\/\"},{\"@type\":\"ListItem\",\"position\":2,\"name\":\"Tienda\",\"item\":\"https:\/\/aleupa.com\/?page_id=802\"},{\"@type\":\"ListItem\",\"position\":3,\"name\":\"Travesero empapador con alas\"}]},{\"@type\":\"WebSite\",\"@id\":\"https:\/\/aleupa.com\/#website\",\"url\":\"https:\/\/aleupa.com\/\",\"name\":\"Ortopedia Aleupa\",\"description\":\"Ayudas a la dependencia\",\"alternateName\":\"Ortopedia en Puerto de la Cruz, Tenerife\",\"potentialAction\":[{\"@type\":\"SearchAction\",\"target\":{\"@type\":\"EntryPoint\",\"urlTemplate\":\"https:\/\/aleupa.com\/?s={search_term_string}\"},\"query-input\":{\"@type\":\"PropertyValueSpecification\",\"valueRequired\":true,\"valueName\":\"search_term_string\"}}],\"inLanguage\":\"es\"}]}<\/script>\n<!-- \/ Yoast SEO plugin. -->","yoast_head_json":{"title":"Travesero empapador con alas - Ortopedia Aleupa","robots":{"index":"index","follow":"follow","max-snippet":"max-snippet:-1","max-image-preview":"max-image-preview:large","max-video-preview":"max-video-preview:-1"},"canonical":"https:\/\/aleupa.com\/?product=travesero-empapador-con-alas","og_locale":"es_ES","og_type":"article","og_title":"Travesero empapador con alas - Ortopedia Aleupa","og_description":"Travesero empapador impermeable protector de s\u00e1banas.","og_url":"https:\/\/aleupa.com\/?product=travesero-empapador-con-alas","og_site_name":"Ortopedia Aleupa","article_modified_time":"2020-11-11T18:25:42+00:00","og_image":[{"width":500,"height":500,"url":"https:\/\/aleupa.com\/wp-content\/uploads\/2020\/09\/travesero-emapapador-absorvente-para-cama.jpg","type":"image\/jpeg"}],"twitter_card":"summary_large_image","twitter_misc":{"Tiempo de lectura":"1 minuto"},"schema":{"@context":"https:\/\/schema.org","@graph":[{"@type":"WebPage","@id":"https:\/\/aleupa.com\/?product=travesero-empapador-con-alas","url":"https:\/\/aleupa.com\/?product=travesero-empapador-con-alas","name":"Travesero empapador con alas - Ortopedia Aleupa","isPartOf":{"@id":"https:\/\/aleupa.com\/#website"},"primaryImageOfPage":{"@id":"https:\/\/aleupa.com\/?product=travesero-empapador-con-alas#primaryimage"},"image":{"@id":"https:\/\/aleupa.com\/?product=travesero-empapador-con-alas#primaryimage"},"thumbnailUrl":"https:\/\/aleupa.com\/wp-content\/uploads\/2020\/09\/travesero-emapapador-absorvente-para-cama.jpg","datePublished":"2020-09-08T16:18:52+00:00","dateModified":"2020-11-11T18:25:42+00:00","breadcrumb":{"@id":"https:\/\/aleupa.com\/?product=travesero-empapador-con-alas#breadcrumb"},"inLanguage":"es","potentialAction":[{"@type":"ReadAction","target":["https:\/\/aleupa.com\/?product=travesero-empapador-con-alas"]}]},{"@type":"ImageObject","inLanguage":"es","@id":"https:\/\/aleupa.com\/?product=travesero-empapador-con-alas#primaryimage","url":"https:\/\/aleupa.com\/wp-content\/uploads\/2020\/09\/travesero-emapapador-absorvente-para-cama.jpg","contentUrl":"https:\/\/aleupa.com\/wp-content\/uploads\/2020\/09\/travesero-emapapador-absorvente-para-cama.jpg","width":500,"height":500},{"@type":"BreadcrumbList","@id":"https:\/\/aleupa.com\/?product=travesero-empapador-con-alas#breadcrumb","itemListElement":[{"@type":"ListItem","position":1,"name":"Portada","item":"https:\/\/aleupa.com\/"},{"@type":"ListItem","position":2,"name":"Tienda","item":"https:\/\/aleupa.com\/?page_id=802"},{"@type":"ListItem","position":3,"name":"Travesero empapador con alas"}]},{"@type":"WebSite","@id":"https:\/\/aleupa.com\/#website","url":"https:\/\/aleupa.com\/","name":"Ortopedia Aleupa","description":"Ayudas a la dependencia","alternateName":"Ortopedia en Puerto de la Cruz, Tenerife","potentialAction":[{"@type":"SearchAction","target":{"@type":"EntryPoint","urlTemplate":"https:\/\/aleupa.com\/?s={search_term_string}"},"query-input":{"@type":"PropertyValueSpecification","valueRequired":true,"valueName":"search_term_string"}}],"inLanguage":"es"}]}},"_links":{"self":[{"href":"https:\/\/aleupa.com\/index.php?rest_route=\/wp\/v2\/product\/4202","targetHints":{"allow":["GET"]}}],"collection":[{"href":"https:\/\/aleupa.com\/index.php?rest_route=\/wp\/v2\/product"}],"about":[{"href":"https:\/\/aleupa.com\/index.php?rest_route=\/wp\/v2\/types\/product"}],"replies":[{"embeddable":true,"href":"https:\/\/aleupa.com\/index.php?rest_route=%2Fwp%2Fv2%2Fcomments&post=4202"}],"wp:featuredmedia":[{"embeddable":true,"href":"https:\/\/aleupa.com\/index.php?rest_route=\/wp\/v2\/media\/4205"}],"wp:attachment":[{"href":"https:\/\/aleupa.com\/index.php?rest_route=%2Fwp%2Fv2%2Fmedia&parent=4202"}],"wp:term":[{"taxonomy":"product_brand","embeddable":true,"href":"https:\/\/aleupa.com\/index.php?rest_route=%2Fwp%2Fv2%2Fproduct_brand&post=4202"},{"taxonomy":"product_cat","embeddable":true,"href":"https:\/\/aleupa.com\/index.php?rest_route=%2Fwp%2Fv2%2Fproduct_cat&post=4202"},{"taxonomy":"product_tag","embeddable":true,"href":"https:\/\/aleupa.com\/index.php?rest_route=%2Fwp%2Fv2%2Fproduct_tag&post=4202"}],"curies":[{"name":"wp","href":"https:\/\/api.w.org\/{rel}","templated":true}]}}