{"id":4433,"date":"2020-10-16T18:27:21","date_gmt":"2020-10-16T18:27:21","guid":{"rendered":"http:\/\/www.aleupa.com\/?post_type=product&#038;p=4433"},"modified":"2020-10-16T18:28:50","modified_gmt":"2020-10-16T18:28:50","slug":"patuco-verano-de-suapel-y-bambu","status":"publish","type":"product","link":"https:\/\/aleupa.com\/?product=patuco-verano-de-suapel-y-bambu","title":{"rendered":"Patuco verano de suapel y bamb\u00fa"},"content":{"rendered":"<p>Patuco antiescaras antial\u00e9rgico , m\u00e1s frescor, mayor protecci\u00f3n.<\/p>\n<p>Cierre bilateral de velcro lo que hace que el patuco pueda usarse indistintamente en pie derecho o izquierdo.<\/p>\n<p>COMPOSICI\u00d3N:<br \/>\nExterior:\u00a0 Suapel (60% poli\u00e9ster cl\u00ednico, 40% acr\u00edlico)<br \/>\nInterior fibra vegetal de Bamboo: 30% bamb\u00fa y 70% poli\u00e9ster.<br \/>\nMEDIDAS: 9x15x17cm<br \/>\nMANTENIMIENTO: Lavar a mano con agua fr\u00eda y productos no abrasivos. Temperatura m\u00e1xima 30\u00ba. No se pueden utilizar blanqueadores. No planchar. Se puede secar en secadora.<\/p>\n<p>Se dispensa por unidad.<\/p>\n<p><img loading=\"lazy\" decoding=\"async\" class=\"logo img-responsive\" src=\"https:\/\/ubiotex.com\/img\/ubitienda-logo-15197257231.jpg\" alt=\"Ubiotex\" width=\"116\" height=\"63\" \/><\/p>\n","protected":false},"excerpt":{"rendered":"<p>Patuco antiescaras para verano<\/p>\n","protected":false},"featured_media":4434,"comment_status":"open","ping_status":"closed","template":"","meta":{"_et_pb_use_builder":"","_et_pb_old_content":"","_et_gb_content_width":""},"product_brand":[],"product_cat":[208],"product_tag":[502,604],"class_list":{"0":"post-4433","1":"product","2":"type-product","3":"status-publish","4":"has-post-thumbnail","6":"product_cat-antiescaras","7":"product_tag-antiescaras","8":"product_tag-patuco","10":"first","11":"instock","12":"shipping-taxable","13":"purchasable","14":"product-type-simple"},"yoast_head":"<!-- This site is optimized with the Yoast SEO plugin v26.2 - https:\/\/yoast.com\/wordpress\/plugins\/seo\/ -->\n<title>Patuco verano de suapel y bamb\u00fa - Ortopedia Aleupa<\/title>\n<meta name=\"robots\" content=\"index, follow, max-snippet:-1, max-image-preview:large, max-video-preview:-1\" \/>\n<link rel=\"canonical\" href=\"https:\/\/aleupa.com\/?product=patuco-verano-de-suapel-y-bambu\" \/>\n<meta property=\"og:locale\" content=\"es_ES\" \/>\n<meta property=\"og:type\" content=\"article\" \/>\n<meta property=\"og:title\" content=\"Patuco verano de suapel y bamb\u00fa - Ortopedia Aleupa\" \/>\n<meta property=\"og:description\" content=\"Patuco antiescaras para verano\" \/>\n<meta property=\"og:url\" content=\"https:\/\/aleupa.com\/?product=patuco-verano-de-suapel-y-bambu\" \/>\n<meta property=\"og:site_name\" content=\"Ortopedia Aleupa\" \/>\n<meta property=\"article:modified_time\" content=\"2020-10-16T18:28:50+00:00\" \/>\n<meta property=\"og:image\" content=\"https:\/\/aleupa.com\/wp-content\/uploads\/2020\/10\/patuco-sanitized-suapel-bambu-verano.png\" \/>\n\t<meta property=\"og:image:width\" content=\"500\" \/>\n\t<meta property=\"og:image:height\" content=\"500\" \/>\n\t<meta property=\"og:image:type\" content=\"image\/png\" \/>\n<meta name=\"twitter:card\" content=\"summary_large_image\" \/>\n<script type=\"application\/ld+json\" class=\"yoast-schema-graph\">{\"@context\":\"https:\/\/schema.org\",\"@graph\":[{\"@type\":\"WebPage\",\"@id\":\"https:\/\/aleupa.com\/?product=patuco-verano-de-suapel-y-bambu\",\"url\":\"https:\/\/aleupa.com\/?product=patuco-verano-de-suapel-y-bambu\",\"name\":\"Patuco verano de suapel y bamb\u00fa - Ortopedia Aleupa\",\"isPartOf\":{\"@id\":\"https:\/\/aleupa.com\/#website\"},\"primaryImageOfPage\":{\"@id\":\"https:\/\/aleupa.com\/?product=patuco-verano-de-suapel-y-bambu#primaryimage\"},\"image\":{\"@id\":\"https:\/\/aleupa.com\/?product=patuco-verano-de-suapel-y-bambu#primaryimage\"},\"thumbnailUrl\":\"https:\/\/aleupa.com\/wp-content\/uploads\/2020\/10\/patuco-sanitized-suapel-bambu-verano.png\",\"datePublished\":\"2020-10-16T18:27:21+00:00\",\"dateModified\":\"2020-10-16T18:28:50+00:00\",\"breadcrumb\":{\"@id\":\"https:\/\/aleupa.com\/?product=patuco-verano-de-suapel-y-bambu#breadcrumb\"},\"inLanguage\":\"es\",\"potentialAction\":[{\"@type\":\"ReadAction\",\"target\":[\"https:\/\/aleupa.com\/?product=patuco-verano-de-suapel-y-bambu\"]}]},{\"@type\":\"ImageObject\",\"inLanguage\":\"es\",\"@id\":\"https:\/\/aleupa.com\/?product=patuco-verano-de-suapel-y-bambu#primaryimage\",\"url\":\"https:\/\/aleupa.com\/wp-content\/uploads\/2020\/10\/patuco-sanitized-suapel-bambu-verano.png\",\"contentUrl\":\"https:\/\/aleupa.com\/wp-content\/uploads\/2020\/10\/patuco-sanitized-suapel-bambu-verano.png\",\"width\":500,\"height\":500},{\"@type\":\"BreadcrumbList\",\"@id\":\"https:\/\/aleupa.com\/?product=patuco-verano-de-suapel-y-bambu#breadcrumb\",\"itemListElement\":[{\"@type\":\"ListItem\",\"position\":1,\"name\":\"Portada\",\"item\":\"https:\/\/aleupa.com\/\"},{\"@type\":\"ListItem\",\"position\":2,\"name\":\"Tienda\",\"item\":\"https:\/\/aleupa.com\/?page_id=802\"},{\"@type\":\"ListItem\",\"position\":3,\"name\":\"Patuco verano de suapel y bamb\u00fa\"}]},{\"@type\":\"WebSite\",\"@id\":\"https:\/\/aleupa.com\/#website\",\"url\":\"https:\/\/aleupa.com\/\",\"name\":\"Ortopedia Aleupa\",\"description\":\"Ayudas a la dependencia\",\"alternateName\":\"Ortopedia en Puerto de la Cruz, Tenerife\",\"potentialAction\":[{\"@type\":\"SearchAction\",\"target\":{\"@type\":\"EntryPoint\",\"urlTemplate\":\"https:\/\/aleupa.com\/?s={search_term_string}\"},\"query-input\":{\"@type\":\"PropertyValueSpecification\",\"valueRequired\":true,\"valueName\":\"search_term_string\"}}],\"inLanguage\":\"es\"}]}<\/script>\n<!-- \/ Yoast SEO plugin. -->","yoast_head_json":{"title":"Patuco verano de suapel y bamb\u00fa - Ortopedia Aleupa","robots":{"index":"index","follow":"follow","max-snippet":"max-snippet:-1","max-image-preview":"max-image-preview:large","max-video-preview":"max-video-preview:-1"},"canonical":"https:\/\/aleupa.com\/?product=patuco-verano-de-suapel-y-bambu","og_locale":"es_ES","og_type":"article","og_title":"Patuco verano de suapel y bamb\u00fa - Ortopedia Aleupa","og_description":"Patuco antiescaras para verano","og_url":"https:\/\/aleupa.com\/?product=patuco-verano-de-suapel-y-bambu","og_site_name":"Ortopedia Aleupa","article_modified_time":"2020-10-16T18:28:50+00:00","og_image":[{"width":500,"height":500,"url":"https:\/\/aleupa.com\/wp-content\/uploads\/2020\/10\/patuco-sanitized-suapel-bambu-verano.png","type":"image\/png"}],"twitter_card":"summary_large_image","schema":{"@context":"https:\/\/schema.org","@graph":[{"@type":"WebPage","@id":"https:\/\/aleupa.com\/?product=patuco-verano-de-suapel-y-bambu","url":"https:\/\/aleupa.com\/?product=patuco-verano-de-suapel-y-bambu","name":"Patuco verano de suapel y bamb\u00fa - Ortopedia Aleupa","isPartOf":{"@id":"https:\/\/aleupa.com\/#website"},"primaryImageOfPage":{"@id":"https:\/\/aleupa.com\/?product=patuco-verano-de-suapel-y-bambu#primaryimage"},"image":{"@id":"https:\/\/aleupa.com\/?product=patuco-verano-de-suapel-y-bambu#primaryimage"},"thumbnailUrl":"https:\/\/aleupa.com\/wp-content\/uploads\/2020\/10\/patuco-sanitized-suapel-bambu-verano.png","datePublished":"2020-10-16T18:27:21+00:00","dateModified":"2020-10-16T18:28:50+00:00","breadcrumb":{"@id":"https:\/\/aleupa.com\/?product=patuco-verano-de-suapel-y-bambu#breadcrumb"},"inLanguage":"es","potentialAction":[{"@type":"ReadAction","target":["https:\/\/aleupa.com\/?product=patuco-verano-de-suapel-y-bambu"]}]},{"@type":"ImageObject","inLanguage":"es","@id":"https:\/\/aleupa.com\/?product=patuco-verano-de-suapel-y-bambu#primaryimage","url":"https:\/\/aleupa.com\/wp-content\/uploads\/2020\/10\/patuco-sanitized-suapel-bambu-verano.png","contentUrl":"https:\/\/aleupa.com\/wp-content\/uploads\/2020\/10\/patuco-sanitized-suapel-bambu-verano.png","width":500,"height":500},{"@type":"BreadcrumbList","@id":"https:\/\/aleupa.com\/?product=patuco-verano-de-suapel-y-bambu#breadcrumb","itemListElement":[{"@type":"ListItem","position":1,"name":"Portada","item":"https:\/\/aleupa.com\/"},{"@type":"ListItem","position":2,"name":"Tienda","item":"https:\/\/aleupa.com\/?page_id=802"},{"@type":"ListItem","position":3,"name":"Patuco verano de suapel y bamb\u00fa"}]},{"@type":"WebSite","@id":"https:\/\/aleupa.com\/#website","url":"https:\/\/aleupa.com\/","name":"Ortopedia Aleupa","description":"Ayudas a la dependencia","alternateName":"Ortopedia en Puerto de la Cruz, Tenerife","potentialAction":[{"@type":"SearchAction","target":{"@type":"EntryPoint","urlTemplate":"https:\/\/aleupa.com\/?s={search_term_string}"},"query-input":{"@type":"PropertyValueSpecification","valueRequired":true,"valueName":"search_term_string"}}],"inLanguage":"es"}]}},"_links":{"self":[{"href":"https:\/\/aleupa.com\/index.php?rest_route=\/wp\/v2\/product\/4433","targetHints":{"allow":["GET"]}}],"collection":[{"href":"https:\/\/aleupa.com\/index.php?rest_route=\/wp\/v2\/product"}],"about":[{"href":"https:\/\/aleupa.com\/index.php?rest_route=\/wp\/v2\/types\/product"}],"replies":[{"embeddable":true,"href":"https:\/\/aleupa.com\/index.php?rest_route=%2Fwp%2Fv2%2Fcomments&post=4433"}],"wp:featuredmedia":[{"embeddable":true,"href":"https:\/\/aleupa.com\/index.php?rest_route=\/wp\/v2\/media\/4434"}],"wp:attachment":[{"href":"https:\/\/aleupa.com\/index.php?rest_route=%2Fwp%2Fv2%2Fmedia&parent=4433"}],"wp:term":[{"taxonomy":"product_brand","embeddable":true,"href":"https:\/\/aleupa.com\/index.php?rest_route=%2Fwp%2Fv2%2Fproduct_brand&post=4433"},{"taxonomy":"product_cat","embeddable":true,"href":"https:\/\/aleupa.com\/index.php?rest_route=%2Fwp%2Fv2%2Fproduct_cat&post=4433"},{"taxonomy":"product_tag","embeddable":true,"href":"https:\/\/aleupa.com\/index.php?rest_route=%2Fwp%2Fv2%2Fproduct_tag&post=4433"}],"curies":[{"name":"wp","href":"https:\/\/api.w.org\/{rel}","templated":true}]}}

Patuco verano de suapel y bambú

<p>Patuco antiescaras antialérgico , más frescor, mayor protección.</p>
<p>Cierre bilateral de velcro lo que hace que el patuco pueda usarse indistintamente en pie derecho o izquierdo.</p>
<p>COMPOSICIÓN:<br />
Exterior:  Suapel (60% poliéster clínico, 40% acrílico)<br />
Interior fibra vegetal de Bamboo: 30% bambú y 70% poliéster.<br />
MEDIDAS: 9x15x17cm<br />
MANTENIMIENTO: Lavar a mano con agua fría y productos no abrasivos. Temperatura máxima 30º. No se pueden utilizar blanqueadores. No planchar. Se puede secar en secadora.</p>
<p>Se dispensa por unidad.</p>
<p><img loading="lazy" decoding="async" class="logo img-responsive" src="https://ubiotex.com/img/ubitienda-logo-15197257231.jpg" alt="Ubiotex" width="116" height="63" /></p>

<!-- This site is optimized with the Yoast SEO plugin v26.2 - https://yoast.com/wordpress/plugins/seo/ -->
<title>Patuco verano de suapel y bambú - Ortopedia Aleupa</title>
<meta name="robots" content="index, follow, max-snippet:-1, max-image-preview:large, max-video-preview:-1" />
<link rel="canonical" href="https://aleupa.com/?product=patuco-verano-de-suapel-y-bambu" />
<meta property="og:locale" content="es_ES" />
<meta property="og:type" content="article" />
<meta property="og:title" content="Patuco verano de suapel y bambú - Ortopedia Aleupa" />
<meta property="og:description" content="Patuco antiescaras para verano" />
<meta property="og:url" content="https://aleupa.com/?product=patuco-verano-de-suapel-y-bambu" />
<meta property="og:site_name" content="Ortopedia Aleupa" />
<meta property="article:modified_time" content="2020-10-16T18:28:50+00:00" />
<meta property="og:image" content="https://aleupa.com/wp-content/uploads/2020/10/patuco-sanitized-suapel-bambu-verano.png" />
	<meta property="og:image:width" content="500" />
	<meta property="og:image:height" content="500" />
	<meta property="og:image:type" content="image/png" />
<meta name="twitter:card" content="summary_large_image" />
<script type="application/ld+json" class="yoast-schema-graph">{"@context":"https://schema.org","@graph":[{"@type":"WebPage","@id":"https://aleupa.com/?product=patuco-verano-de-suapel-y-bambu","url":"https://aleupa.com/?product=patuco-verano-de-suapel-y-bambu","name":"Patuco verano de suapel y bambú - Ortopedia Aleupa","isPartOf":{"@id":"https://aleupa.com/#website"},"primaryImageOfPage":{"@id":"https://aleupa.com/?product=patuco-verano-de-suapel-y-bambu#primaryimage"},"image":{"@id":"https://aleupa.com/?product=patuco-verano-de-suapel-y-bambu#primaryimage"},"thumbnailUrl":"https://aleupa.com/wp-content/uploads/2020/10/patuco-sanitized-suapel-bambu-verano.png","datePublished":"2020-10-16T18:27:21+00:00","dateModified":"2020-10-16T18:28:50+00:00","breadcrumb":{"@id":"https://aleupa.com/?product=patuco-verano-de-suapel-y-bambu#breadcrumb"},"inLanguage":"es","potentialAction":[{"@type":"ReadAction","target":["https://aleupa.com/?product=patuco-verano-de-suapel-y-bambu"]}]},{"@type":"ImageObject","inLanguage":"es","@id":"https://aleupa.com/?product=patuco-verano-de-suapel-y-bambu#primaryimage","url":"https://aleupa.com/wp-content/uploads/2020/10/patuco-sanitized-suapel-bambu-verano.png","contentUrl":"https://aleupa.com/wp-content/uploads/2020/10/patuco-sanitized-suapel-bambu-verano.png","width":500,"height":500},{"@type":"BreadcrumbList","@id":"https://aleupa.com/?product=patuco-verano-de-suapel-y-bambu#breadcrumb","itemListElement":[{"@type":"ListItem","position":1,"name":"Portada","item":"https://aleupa.com/"},{"@type":"ListItem","position":2,"name":"Tienda","item":"https://aleupa.com/?page_id=802"},{"@type":"ListItem","position":3,"name":"Patuco verano de suapel y bambú"}]},{"@type":"WebSite","@id":"https://aleupa.com/#website","url":"https://aleupa.com/","name":"Ortopedia Aleupa","description":"Ayudas a la dependencia","alternateName":"Ortopedia en Puerto de la Cruz, Tenerife","potentialAction":[{"@type":"SearchAction","target":{"@type":"EntryPoint","urlTemplate":"https://aleupa.com/?s={search_term_string}"},"query-input":{"@type":"PropertyValueSpecification","valueRequired":true,"valueName":"search_term_string"}}],"inLanguage":"es"}]}</script>
<!-- / Yoast SEO plugin. -->

Patuco verano de suapel y bambú - Ortopedia Aleupa
