{"id":4469,"date":"2020-10-22T19:00:14","date_gmt":"2020-10-22T19:00:14","guid":{"rendered":"http:\/\/www.aleupa.com\/?post_type=product&#038;p=4469"},"modified":"2022-08-24T10:37:46","modified_gmt":"2022-08-24T09:37:46","slug":"4469","status":"publish","type":"product","link":"https:\/\/aleupa.com\/?product=4469","title":{"rendered":"Cama \u00abLuna\u00bb"},"content":{"rendered":"<div class=\"n module-type-text diyfeLiveArea \">\n<p>\u00a8\u00a0Lecho de cuatro planos y tres articulaciones.<\/p>\n<p>\u00a8\u00a0Lamas de madera vaporizada, suspensas sobre tacos de caucho con regulaci\u00f3n lumbar.<\/p>\n<p>\u00a8 Estructura de acero terminado de epoxi-poliester secado horno.<\/p>\n<p>\u00a8\u00a0Sistema de elevaci\u00f3n sistema de tren y antitrendelemburg.<\/p>\n<p><img decoding=\"async\" id=\"image_2446428318\" src=\"https:\/\/www.dormafor.es\/s\/cc_images\/cache_2446428318.jpg?t=1395132231\" alt=\"\" \/><\/p>\n<p>\u00a8\u00a0Accionamiento el\u00e9ctrico con funci\u00f3n REST para puesta a cero en caso de corte del suministro el\u00e9ctrico.<\/p>\n<p>\u00a8\u00a0Elevaci\u00f3n en horizontal de H-37 a H-77 cm (sin colch\u00f3n).<\/p>\n<p>\u00a8 Soporte para incorporaci\u00f3n incluido.<\/p>\n<p>\u00a8\u00a04 ruedas de 100 mm de di\u00e1metro con sistema anti\u2013 hilos,\u00a0 con freno.<\/p>\n<p>\u00a8\u00a0Permite la utilizaci\u00f3n de gr\u00faa.<\/p>\n<p>\u00a8 Anchos total:\u00a0 102 cm. (somier de 90 cm).\u00a0 117 cm. (somier 105 cm.)<\/p>\n<p>\u00a8 Largos total: \u00a0 209 cm. (somier de 190 cm).\u00a0 219 cm.\u00a0 (somier 200 cm.)<\/p>\n<p>\u00a8\u00a0Dise\u00f1o S\/Norma <a href=\"http:\/\/www.aenor.es\/aenor\/normas\/normas\/fichanorma.asp?tipo=N&amp;codigo=N0046970&amp;pdf=\">UNE-EN 60601-2-52:2010<\/a> .<\/p>\n<p>\u00a8\u00a0Camas ajustables para personas con discapacidad.<\/p>\n<p>Disponible en lechos de 4 medidas\u00a0 (90x190cm.,\u00a0 90&#215;200 cm.,\u00a0 105&#215;190 cm.\u00a0 y\u00a0 105&#215;200 cm.) y se dispensa con colch\u00f3n pu\/visco de funda sanitaria impermeable, transpirable, hipoalerg\u00e9nica, tratamiento antibacteriano e ign\u00edfuga de medida correspondiente.<\/p>\n<p>\u00a8\u00a0Peso m\u00e1ximo del paciente 150 kg.<\/p>\n<p><img decoding=\"async\" id=\"image_2412395347\" src=\"https:\/\/www.dormafor.es\/s\/cc_images\/cache_2412395347.jpg?t=1490604218\" alt=\"\" \/><\/p>\n<\/div>\n","protected":false},"excerpt":{"rendered":"<p>Cama articulada \u00abLUNA\u00bb\u00a0 con sistema de elevaci\u00f3n de tren y antitrendelemburg.<\/p>\n","protected":false},"featured_media":4471,"comment_status":"open","ping_status":"closed","template":"","meta":{"_et_pb_use_builder":"","_et_pb_old_content":"","_et_gb_content_width":""},"product_brand":[],"product_cat":[211],"product_tag":[614,615],"class_list":{"0":"post-4469","1":"product","2":"type-product","3":"status-publish","4":"has-post-thumbnail","6":"product_cat-cama-y-accesorios","7":"product_tag-cama-articulada","8":"product_tag-cama-con-elevacion","9":"product_shipping_class-tourline-express","11":"first","12":"instock","13":"shipping-taxable","14":"purchasable","15":"product-type-variable"},"yoast_head":"<!-- This site is optimized with the Yoast SEO plugin v26.2 - https:\/\/yoast.com\/wordpress\/plugins\/seo\/ -->\n<title>Cama &quot;Luna&quot; - Ortopedia Aleupa<\/title>\n<meta name=\"robots\" content=\"index, follow, max-snippet:-1, max-image-preview:large, max-video-preview:-1\" \/>\n<link rel=\"canonical\" href=\"https:\/\/aleupa.com\/?product=4469\" \/>\n<meta property=\"og:locale\" content=\"es_ES\" \/>\n<meta property=\"og:type\" content=\"article\" \/>\n<meta property=\"og:title\" content=\"Cama &quot;Luna&quot; - Ortopedia Aleupa\" \/>\n<meta property=\"og:description\" content=\"Cama articulada &quot;LUNA&quot;\u00a0 con sistema de elevaci\u00f3n de tren y antitrendelemburg.\" \/>\n<meta property=\"og:url\" content=\"https:\/\/aleupa.com\/?product=4469\" \/>\n<meta property=\"og:site_name\" content=\"Ortopedia Aleupa\" \/>\n<meta property=\"article:modified_time\" content=\"2022-08-24T09:37:46+00:00\" \/>\n<meta property=\"og:image\" content=\"https:\/\/aleupa.com\/wp-content\/uploads\/2020\/10\/cache_2456373534.jpg\" \/>\n\t<meta property=\"og:image:width\" content=\"500\" \/>\n\t<meta property=\"og:image:height\" content=\"500\" \/>\n\t<meta property=\"og:image:type\" content=\"image\/jpeg\" \/>\n<meta name=\"twitter:card\" content=\"summary_large_image\" \/>\n<meta name=\"twitter:label1\" content=\"Tiempo de lectura\" \/>\n\t<meta name=\"twitter:data1\" content=\"1 minuto\" \/>\n<script type=\"application\/ld+json\" class=\"yoast-schema-graph\">{\"@context\":\"https:\/\/schema.org\",\"@graph\":[{\"@type\":\"WebPage\",\"@id\":\"https:\/\/aleupa.com\/?product=4469\",\"url\":\"https:\/\/aleupa.com\/?product=4469\",\"name\":\"Cama \\\"Luna\\\" - Ortopedia Aleupa\",\"isPartOf\":{\"@id\":\"https:\/\/aleupa.com\/#website\"},\"primaryImageOfPage\":{\"@id\":\"https:\/\/aleupa.com\/?product=4469#primaryimage\"},\"image\":{\"@id\":\"https:\/\/aleupa.com\/?product=4469#primaryimage\"},\"thumbnailUrl\":\"https:\/\/aleupa.com\/wp-content\/uploads\/2020\/10\/cache_2456373534.jpg\",\"datePublished\":\"2020-10-22T19:00:14+00:00\",\"dateModified\":\"2022-08-24T09:37:46+00:00\",\"breadcrumb\":{\"@id\":\"https:\/\/aleupa.com\/?product=4469#breadcrumb\"},\"inLanguage\":\"es\",\"potentialAction\":[{\"@type\":\"ReadAction\",\"target\":[\"https:\/\/aleupa.com\/?product=4469\"]}]},{\"@type\":\"ImageObject\",\"inLanguage\":\"es\",\"@id\":\"https:\/\/aleupa.com\/?product=4469#primaryimage\",\"url\":\"https:\/\/aleupa.com\/wp-content\/uploads\/2020\/10\/cache_2456373534.jpg\",\"contentUrl\":\"https:\/\/aleupa.com\/wp-content\/uploads\/2020\/10\/cache_2456373534.jpg\",\"width\":500,\"height\":500},{\"@type\":\"BreadcrumbList\",\"@id\":\"https:\/\/aleupa.com\/?product=4469#breadcrumb\",\"itemListElement\":[{\"@type\":\"ListItem\",\"position\":1,\"name\":\"Portada\",\"item\":\"https:\/\/aleupa.com\/\"},{\"@type\":\"ListItem\",\"position\":2,\"name\":\"Tienda\",\"item\":\"https:\/\/aleupa.com\/?page_id=802\"},{\"@type\":\"ListItem\",\"position\":3,\"name\":\"Cama \u00abLuna\u00bb\"}]},{\"@type\":\"WebSite\",\"@id\":\"https:\/\/aleupa.com\/#website\",\"url\":\"https:\/\/aleupa.com\/\",\"name\":\"Ortopedia Aleupa\",\"description\":\"Ayudas a la dependencia\",\"alternateName\":\"Ortopedia en Puerto de la Cruz, Tenerife\",\"potentialAction\":[{\"@type\":\"SearchAction\",\"target\":{\"@type\":\"EntryPoint\",\"urlTemplate\":\"https:\/\/aleupa.com\/?s={search_term_string}\"},\"query-input\":{\"@type\":\"PropertyValueSpecification\",\"valueRequired\":true,\"valueName\":\"search_term_string\"}}],\"inLanguage\":\"es\"}]}<\/script>\n<!-- \/ Yoast SEO plugin. -->","yoast_head_json":{"title":"Cama \"Luna\" - Ortopedia Aleupa","robots":{"index":"index","follow":"follow","max-snippet":"max-snippet:-1","max-image-preview":"max-image-preview:large","max-video-preview":"max-video-preview:-1"},"canonical":"https:\/\/aleupa.com\/?product=4469","og_locale":"es_ES","og_type":"article","og_title":"Cama \"Luna\" - Ortopedia Aleupa","og_description":"Cama articulada \"LUNA\"\u00a0 con sistema de elevaci\u00f3n de tren y antitrendelemburg.","og_url":"https:\/\/aleupa.com\/?product=4469","og_site_name":"Ortopedia Aleupa","article_modified_time":"2022-08-24T09:37:46+00:00","og_image":[{"width":500,"height":500,"url":"https:\/\/aleupa.com\/wp-content\/uploads\/2020\/10\/cache_2456373534.jpg","type":"image\/jpeg"}],"twitter_card":"summary_large_image","twitter_misc":{"Tiempo de lectura":"1 minuto"},"schema":{"@context":"https:\/\/schema.org","@graph":[{"@type":"WebPage","@id":"https:\/\/aleupa.com\/?product=4469","url":"https:\/\/aleupa.com\/?product=4469","name":"Cama \"Luna\" - Ortopedia Aleupa","isPartOf":{"@id":"https:\/\/aleupa.com\/#website"},"primaryImageOfPage":{"@id":"https:\/\/aleupa.com\/?product=4469#primaryimage"},"image":{"@id":"https:\/\/aleupa.com\/?product=4469#primaryimage"},"thumbnailUrl":"https:\/\/aleupa.com\/wp-content\/uploads\/2020\/10\/cache_2456373534.jpg","datePublished":"2020-10-22T19:00:14+00:00","dateModified":"2022-08-24T09:37:46+00:00","breadcrumb":{"@id":"https:\/\/aleupa.com\/?product=4469#breadcrumb"},"inLanguage":"es","potentialAction":[{"@type":"ReadAction","target":["https:\/\/aleupa.com\/?product=4469"]}]},{"@type":"ImageObject","inLanguage":"es","@id":"https:\/\/aleupa.com\/?product=4469#primaryimage","url":"https:\/\/aleupa.com\/wp-content\/uploads\/2020\/10\/cache_2456373534.jpg","contentUrl":"https:\/\/aleupa.com\/wp-content\/uploads\/2020\/10\/cache_2456373534.jpg","width":500,"height":500},{"@type":"BreadcrumbList","@id":"https:\/\/aleupa.com\/?product=4469#breadcrumb","itemListElement":[{"@type":"ListItem","position":1,"name":"Portada","item":"https:\/\/aleupa.com\/"},{"@type":"ListItem","position":2,"name":"Tienda","item":"https:\/\/aleupa.com\/?page_id=802"},{"@type":"ListItem","position":3,"name":"Cama \u00abLuna\u00bb"}]},{"@type":"WebSite","@id":"https:\/\/aleupa.com\/#website","url":"https:\/\/aleupa.com\/","name":"Ortopedia Aleupa","description":"Ayudas a la dependencia","alternateName":"Ortopedia en Puerto de la Cruz, Tenerife","potentialAction":[{"@type":"SearchAction","target":{"@type":"EntryPoint","urlTemplate":"https:\/\/aleupa.com\/?s={search_term_string}"},"query-input":{"@type":"PropertyValueSpecification","valueRequired":true,"valueName":"search_term_string"}}],"inLanguage":"es"}]}},"_links":{"self":[{"href":"https:\/\/aleupa.com\/index.php?rest_route=\/wp\/v2\/product\/4469","targetHints":{"allow":["GET"]}}],"collection":[{"href":"https:\/\/aleupa.com\/index.php?rest_route=\/wp\/v2\/product"}],"about":[{"href":"https:\/\/aleupa.com\/index.php?rest_route=\/wp\/v2\/types\/product"}],"replies":[{"embeddable":true,"href":"https:\/\/aleupa.com\/index.php?rest_route=%2Fwp%2Fv2%2Fcomments&post=4469"}],"wp:featuredmedia":[{"embeddable":true,"href":"https:\/\/aleupa.com\/index.php?rest_route=\/wp\/v2\/media\/4471"}],"wp:attachment":[{"href":"https:\/\/aleupa.com\/index.php?rest_route=%2Fwp%2Fv2%2Fmedia&parent=4469"}],"wp:term":[{"taxonomy":"product_brand","embeddable":true,"href":"https:\/\/aleupa.com\/index.php?rest_route=%2Fwp%2Fv2%2Fproduct_brand&post=4469"},{"taxonomy":"product_cat","embeddable":true,"href":"https:\/\/aleupa.com\/index.php?rest_route=%2Fwp%2Fv2%2Fproduct_cat&post=4469"},{"taxonomy":"product_tag","embeddable":true,"href":"https:\/\/aleupa.com\/index.php?rest_route=%2Fwp%2Fv2%2Fproduct_tag&post=4469"}],"curies":[{"name":"wp","href":"https:\/\/api.w.org\/{rel}","templated":true}]}}