{"id":4480,"date":"2020-10-22T19:15:13","date_gmt":"2020-10-22T19:15:13","guid":{"rendered":"http:\/\/www.aleupa.com\/?post_type=product&#038;p=4480"},"modified":"2024-11-12T19:40:08","modified_gmt":"2024-11-12T19:40:08","slug":"cama-teide","status":"publish","type":"product","link":"https:\/\/aleupa.com\/?product=cama-teide","title":{"rendered":"Cama \u00abTeide\u00bb"},"content":{"rendered":"<ul class=\"custom-list arrows-1\">\n<li>Lecho de 4 planos y 3 articulaciones. Lamas de haya vaporizada recubiertas de papel melam\u00ednico de 53x8mm, doble lama con tensores en zona lumbar. Tacos de sujeci\u00f3n de lamas fijos de polietileno.<\/li>\n<li>Estructura bastidor exterior en tubo de acero curvado de 50x20mm. Interiores de 25\u00d725 mm.<\/li>\n<li>Recubrimiento: pintura epoxi-poli\u00e9ster<\/li>\n<li>Distancia de seguridad anti-atrapamiento de 30mm entre articulaciones y bastidor exterior.<\/li>\n<li>Soportes para incorporador y porta gotero.<\/li>\n<li>Elevaci\u00f3n de 35 a 75 Cm<\/li>\n<li>Trend-antitrendelenburg hasta 12\u00ba<\/li>\n<li>Ruedas: 4 ruedas de \u00d8100mm con freno independiente.<\/li>\n<li>Permite la utilizaci\u00f3n de gr\u00faa.<\/li>\n<li>Accionamiento el\u00e9ctrico con 3 motores, Motor compacto de 4.000+4000N y 2 motores lineales de 3000N. Dispone de pila para vuelta a 0 de todas las posiciones en caso de corte de corriente.<\/li>\n<li>Mando con cable, acciona todos los movimientos. Con posibilidad de bloquear total o parcialmente los mismos.<\/li>\n<li>Soporte m\u00e1ximo de usuario 150kg<\/li>\n<li>Sujeta colch\u00f3n: arquillo met\u00e1lico en los pies y 4 piezas pl\u00e1sticas (2 en cada lateral).<\/li>\n<li>Cabecero y Piecero. Barandillas de madera integradas en cabeceros.<\/li>\n<li>Dimensiones exteriores con cabeceros y barandillas de madera: S\/cuadro<\/li>\n<li>Cremallera en pies: Opcional (ver accesorios).<\/li>\n<li>Trapecio incorporador.<\/li>\n<li>Montaje sin herramientas.<\/li>\n<\/ul>\n<p><strong>Medidas disponibles:<\/strong><\/p>\n<p><strong>Medida de colch\u00f3n\u00a0\u00a0\u00a0\u00a0\u00a0\u00a0\u00a0\u00a0\u00a0\u00a0\u00a0\u00a0\u00a0\u00a0\u00a0\u00a0\u00a0\u00a0\u00a0\u00a0\u00a0\u00a0\u00a0\u00a0\u00a0\u00a0\u00a0\u00a0\u00a0 Dimensiones externas<\/strong><\/p>\n<p>90&#215;190 cm.\u00a0\u00a0\u00a0\u00a0\u00a0\u00a0\u00a0\u00a0\u00a0\u00a0\u00a0\u00a0\u00a0\u00a0\u00a0\u00a0\u00a0\u00a0\u00a0\u00a0\u00a0\u00a0\u00a0\u00a0\u00a0\u00a0\u00a0\u00a0\u00a0\u00a0\u00a0\u00a0\u00a0\u00a0\u00a0\u00a0\u00a0\u00a0\u00a0\u00a0\u00a0\u00a0\u00a0\u00a0\u00a0 105&#215;214 cm.<\/p>\n<p>90&#215;200 cm.\u00a0\u00a0\u00a0\u00a0\u00a0\u00a0\u00a0\u00a0\u00a0\u00a0\u00a0\u00a0\u00a0\u00a0\u00a0\u00a0\u00a0\u00a0\u00a0\u00a0\u00a0\u00a0\u00a0\u00a0\u00a0\u00a0\u00a0\u00a0\u00a0\u00a0\u00a0\u00a0\u00a0\u00a0\u00a0\u00a0\u00a0\u00a0\u00a0\u00a0\u00a0\u00a0\u00a0\u00a0\u00a0 105&#215;224 cm.<\/p>\n<p>105&#215;190 cm.\u00a0\u00a0\u00a0\u00a0\u00a0\u00a0\u00a0\u00a0\u00a0\u00a0\u00a0\u00a0\u00a0\u00a0\u00a0\u00a0\u00a0\u00a0\u00a0\u00a0\u00a0\u00a0\u00a0\u00a0\u00a0\u00a0\u00a0\u00a0\u00a0\u00a0\u00a0\u00a0\u00a0\u00a0\u00a0\u00a0\u00a0\u00a0\u00a0\u00a0\u00a0\u00a0\u00a0 120&#215;214 cm.<\/p>\n<p>105&#215;200 cm.\u00a0\u00a0\u00a0\u00a0\u00a0\u00a0\u00a0\u00a0\u00a0\u00a0\u00a0\u00a0\u00a0\u00a0\u00a0\u00a0\u00a0\u00a0\u00a0\u00a0\u00a0\u00a0\u00a0\u00a0\u00a0\u00a0\u00a0\u00a0\u00a0\u00a0\u00a0\u00a0\u00a0\u00a0\u00a0\u00a0\u00a0\u00a0\u00a0\u00a0\u00a0\u00a0\u00a0 120&#215;224 cm.<\/p>\n<p>Dise\u00f1o basado en norma <strong>UNE-EN 60601-2-52<\/strong>. Requisitos de seguridad de camas de hospital (entornos 3 y 4)<\/p>\n<p><img loading=\"lazy\" decoding=\"async\" class=\"\" src=\"https:\/\/www.infogeriatria.com\/media\/uploads\/directorio\/ficha\/LOGO_DEFINITIVO_TECNIMOEM_(002).jpg\" alt=\"Resultado de imagen de TECNIMOEM\" width=\"176\" height=\"68\" \/><\/p>\n","protected":false},"excerpt":{"rendered":"<p>Lecho de 4 planos y 3 articulaciones. Lamas de haya vaporizada recubiertas de papel melam\u00ednico de 53x8mm, doble lama con tensores en zona lumbar. Tacos de sujeci\u00f3n de lamas fijos de polietileno. Estructura bastidor exterior en tubo de acero curvado de 50x20mm. Interiores de 25\u00d725 mm. Recubrimiento: pintura epoxi-poli\u00e9ster Distancia de seguridad anti-atrapamiento de 30mm [&hellip;]<\/p>\n","protected":false},"featured_media":4481,"comment_status":"open","ping_status":"closed","template":"","meta":{"_et_pb_use_builder":"","_et_pb_old_content":"","_et_gb_content_width":""},"product_brand":[],"product_cat":[211],"product_tag":[614,615],"class_list":{"0":"post-4480","1":"product","2":"type-product","3":"status-publish","4":"has-post-thumbnail","6":"product_cat-cama-y-accesorios","7":"product_tag-cama-articulada","8":"product_tag-cama-con-elevacion","10":"first","11":"instock","12":"shipping-taxable","13":"purchasable","14":"product-type-variable"},"yoast_head":"<!-- This site is optimized with the Yoast SEO plugin v26.2 - https:\/\/yoast.com\/wordpress\/plugins\/seo\/ -->\n<title>Cama &quot;Teide&quot; - Ortopedia Aleupa<\/title>\n<meta name=\"robots\" content=\"index, follow, max-snippet:-1, max-image-preview:large, max-video-preview:-1\" \/>\n<link rel=\"canonical\" href=\"https:\/\/aleupa.com\/?product=cama-teide\" \/>\n<meta property=\"og:locale\" content=\"es_ES\" \/>\n<meta property=\"og:type\" content=\"article\" \/>\n<meta property=\"og:title\" content=\"Cama &quot;Teide&quot; - Ortopedia Aleupa\" \/>\n<meta property=\"og:description\" content=\"Lecho de 4 planos y 3 articulaciones. Lamas de haya vaporizada recubiertas de papel melam\u00ednico de 53x8mm, doble lama con tensores en zona lumbar. Tacos de sujeci\u00f3n de lamas fijos de polietileno. Estructura bastidor exterior en tubo de acero curvado de 50x20mm. Interiores de 25\u00d725 mm. Recubrimiento: pintura epoxi-poli\u00e9ster Distancia de seguridad anti-atrapamiento de 30mm [&hellip;]\" \/>\n<meta property=\"og:url\" content=\"https:\/\/aleupa.com\/?product=cama-teide\" \/>\n<meta property=\"og:site_name\" content=\"Ortopedia Aleupa\" \/>\n<meta property=\"article:modified_time\" content=\"2024-11-12T19:40:08+00:00\" \/>\n<meta property=\"og:image\" content=\"https:\/\/aleupa.com\/wp-content\/uploads\/2020\/10\/teide_main_2015.jpg\" \/>\n\t<meta property=\"og:image:width\" content=\"500\" \/>\n\t<meta property=\"og:image:height\" content=\"500\" \/>\n\t<meta property=\"og:image:type\" content=\"image\/jpeg\" \/>\n<meta name=\"twitter:card\" content=\"summary_large_image\" \/>\n<meta name=\"twitter:label1\" content=\"Tiempo de lectura\" \/>\n\t<meta name=\"twitter:data1\" content=\"1 minuto\" \/>\n<script type=\"application\/ld+json\" class=\"yoast-schema-graph\">{\"@context\":\"https:\/\/schema.org\",\"@graph\":[{\"@type\":\"WebPage\",\"@id\":\"https:\/\/aleupa.com\/?product=cama-teide\",\"url\":\"https:\/\/aleupa.com\/?product=cama-teide\",\"name\":\"Cama \\\"Teide\\\" - Ortopedia Aleupa\",\"isPartOf\":{\"@id\":\"https:\/\/aleupa.com\/#website\"},\"primaryImageOfPage\":{\"@id\":\"https:\/\/aleupa.com\/?product=cama-teide#primaryimage\"},\"image\":{\"@id\":\"https:\/\/aleupa.com\/?product=cama-teide#primaryimage\"},\"thumbnailUrl\":\"https:\/\/aleupa.com\/wp-content\/uploads\/2020\/10\/teide_main_2015.jpg\",\"datePublished\":\"2020-10-22T19:15:13+00:00\",\"dateModified\":\"2024-11-12T19:40:08+00:00\",\"breadcrumb\":{\"@id\":\"https:\/\/aleupa.com\/?product=cama-teide#breadcrumb\"},\"inLanguage\":\"es\",\"potentialAction\":[{\"@type\":\"ReadAction\",\"target\":[\"https:\/\/aleupa.com\/?product=cama-teide\"]}]},{\"@type\":\"ImageObject\",\"inLanguage\":\"es\",\"@id\":\"https:\/\/aleupa.com\/?product=cama-teide#primaryimage\",\"url\":\"https:\/\/aleupa.com\/wp-content\/uploads\/2020\/10\/teide_main_2015.jpg\",\"contentUrl\":\"https:\/\/aleupa.com\/wp-content\/uploads\/2020\/10\/teide_main_2015.jpg\",\"width\":500,\"height\":500},{\"@type\":\"BreadcrumbList\",\"@id\":\"https:\/\/aleupa.com\/?product=cama-teide#breadcrumb\",\"itemListElement\":[{\"@type\":\"ListItem\",\"position\":1,\"name\":\"Portada\",\"item\":\"https:\/\/aleupa.com\/\"},{\"@type\":\"ListItem\",\"position\":2,\"name\":\"Tienda\",\"item\":\"https:\/\/aleupa.com\/?page_id=802\"},{\"@type\":\"ListItem\",\"position\":3,\"name\":\"Cama \u00abTeide\u00bb\"}]},{\"@type\":\"WebSite\",\"@id\":\"https:\/\/aleupa.com\/#website\",\"url\":\"https:\/\/aleupa.com\/\",\"name\":\"Ortopedia Aleupa\",\"description\":\"Ayudas a la dependencia\",\"alternateName\":\"Ortopedia en Puerto de la Cruz, Tenerife\",\"potentialAction\":[{\"@type\":\"SearchAction\",\"target\":{\"@type\":\"EntryPoint\",\"urlTemplate\":\"https:\/\/aleupa.com\/?s={search_term_string}\"},\"query-input\":{\"@type\":\"PropertyValueSpecification\",\"valueRequired\":true,\"valueName\":\"search_term_string\"}}],\"inLanguage\":\"es\"}]}<\/script>\n<!-- \/ Yoast SEO plugin. -->","yoast_head_json":{"title":"Cama \"Teide\" - Ortopedia Aleupa","robots":{"index":"index","follow":"follow","max-snippet":"max-snippet:-1","max-image-preview":"max-image-preview:large","max-video-preview":"max-video-preview:-1"},"canonical":"https:\/\/aleupa.com\/?product=cama-teide","og_locale":"es_ES","og_type":"article","og_title":"Cama \"Teide\" - Ortopedia Aleupa","og_description":"Lecho de 4 planos y 3 articulaciones. Lamas de haya vaporizada recubiertas de papel melam\u00ednico de 53x8mm, doble lama con tensores en zona lumbar. Tacos de sujeci\u00f3n de lamas fijos de polietileno. Estructura bastidor exterior en tubo de acero curvado de 50x20mm. Interiores de 25\u00d725 mm. Recubrimiento: pintura epoxi-poli\u00e9ster Distancia de seguridad anti-atrapamiento de 30mm [&hellip;]","og_url":"https:\/\/aleupa.com\/?product=cama-teide","og_site_name":"Ortopedia Aleupa","article_modified_time":"2024-11-12T19:40:08+00:00","og_image":[{"width":500,"height":500,"url":"https:\/\/aleupa.com\/wp-content\/uploads\/2020\/10\/teide_main_2015.jpg","type":"image\/jpeg"}],"twitter_card":"summary_large_image","twitter_misc":{"Tiempo de lectura":"1 minuto"},"schema":{"@context":"https:\/\/schema.org","@graph":[{"@type":"WebPage","@id":"https:\/\/aleupa.com\/?product=cama-teide","url":"https:\/\/aleupa.com\/?product=cama-teide","name":"Cama \"Teide\" - Ortopedia Aleupa","isPartOf":{"@id":"https:\/\/aleupa.com\/#website"},"primaryImageOfPage":{"@id":"https:\/\/aleupa.com\/?product=cama-teide#primaryimage"},"image":{"@id":"https:\/\/aleupa.com\/?product=cama-teide#primaryimage"},"thumbnailUrl":"https:\/\/aleupa.com\/wp-content\/uploads\/2020\/10\/teide_main_2015.jpg","datePublished":"2020-10-22T19:15:13+00:00","dateModified":"2024-11-12T19:40:08+00:00","breadcrumb":{"@id":"https:\/\/aleupa.com\/?product=cama-teide#breadcrumb"},"inLanguage":"es","potentialAction":[{"@type":"ReadAction","target":["https:\/\/aleupa.com\/?product=cama-teide"]}]},{"@type":"ImageObject","inLanguage":"es","@id":"https:\/\/aleupa.com\/?product=cama-teide#primaryimage","url":"https:\/\/aleupa.com\/wp-content\/uploads\/2020\/10\/teide_main_2015.jpg","contentUrl":"https:\/\/aleupa.com\/wp-content\/uploads\/2020\/10\/teide_main_2015.jpg","width":500,"height":500},{"@type":"BreadcrumbList","@id":"https:\/\/aleupa.com\/?product=cama-teide#breadcrumb","itemListElement":[{"@type":"ListItem","position":1,"name":"Portada","item":"https:\/\/aleupa.com\/"},{"@type":"ListItem","position":2,"name":"Tienda","item":"https:\/\/aleupa.com\/?page_id=802"},{"@type":"ListItem","position":3,"name":"Cama \u00abTeide\u00bb"}]},{"@type":"WebSite","@id":"https:\/\/aleupa.com\/#website","url":"https:\/\/aleupa.com\/","name":"Ortopedia Aleupa","description":"Ayudas a la dependencia","alternateName":"Ortopedia en Puerto de la Cruz, Tenerife","potentialAction":[{"@type":"SearchAction","target":{"@type":"EntryPoint","urlTemplate":"https:\/\/aleupa.com\/?s={search_term_string}"},"query-input":{"@type":"PropertyValueSpecification","valueRequired":true,"valueName":"search_term_string"}}],"inLanguage":"es"}]}},"_links":{"self":[{"href":"https:\/\/aleupa.com\/index.php?rest_route=\/wp\/v2\/product\/4480","targetHints":{"allow":["GET"]}}],"collection":[{"href":"https:\/\/aleupa.com\/index.php?rest_route=\/wp\/v2\/product"}],"about":[{"href":"https:\/\/aleupa.com\/index.php?rest_route=\/wp\/v2\/types\/product"}],"replies":[{"embeddable":true,"href":"https:\/\/aleupa.com\/index.php?rest_route=%2Fwp%2Fv2%2Fcomments&post=4480"}],"wp:featuredmedia":[{"embeddable":true,"href":"https:\/\/aleupa.com\/index.php?rest_route=\/wp\/v2\/media\/4481"}],"wp:attachment":[{"href":"https:\/\/aleupa.com\/index.php?rest_route=%2Fwp%2Fv2%2Fmedia&parent=4480"}],"wp:term":[{"taxonomy":"product_brand","embeddable":true,"href":"https:\/\/aleupa.com\/index.php?rest_route=%2Fwp%2Fv2%2Fproduct_brand&post=4480"},{"taxonomy":"product_cat","embeddable":true,"href":"https:\/\/aleupa.com\/index.php?rest_route=%2Fwp%2Fv2%2Fproduct_cat&post=4480"},{"taxonomy":"product_tag","embeddable":true,"href":"https:\/\/aleupa.com\/index.php?rest_route=%2Fwp%2Fv2%2Fproduct_tag&post=4480"}],"curies":[{"name":"wp","href":"https:\/\/api.w.org\/{rel}","templated":true}]}}