{"id":4488,"date":"2020-11-05T17:59:44","date_gmt":"2020-11-05T17:59:44","guid":{"rendered":"http:\/\/www.aleupa.com\/?post_type=product&#038;p=4488"},"modified":"2022-08-24T10:17:24","modified_gmt":"2022-08-24T09:17:24","slug":"cama-arus-trend","status":"publish","type":"product","link":"https:\/\/aleupa.com\/?product=cama-arus-trend","title":{"rendered":"Cama \u00abArus Trend\u00bb"},"content":{"rendered":"<div class=\"_3cRjW\" data-hook=\"content-wrapper\">\n<p>Para los que quieren una tonalidad m\u00e1s oscura ofrecemos un color cerezo para esta cama con lecho de descanso articulado en 4 planos, sistema de elevaci\u00f3n el\u00e9ctrica con Trendelemburg y Anti-Trendelemburg, cabecero\/piecero\u00a0 y\u00a0 barandillas de madera deslizables.<\/p>\n<p>Se sirve con colch\u00f3n de PU\/visco con funda de poliuretano impermeable, transpirable, con tratamiento anti\u00e1caros y antibacterias e ign\u00edfuga. (Medida correspondiente a la variaci\u00f3n solicitada)<\/p>\n<p>Multil\u00e1minas de madera de 38mm sustentadas sobre suspensiones pivotantes y reforzadas con doble l\u00e1mina en zona lumbar.<\/p>\n<p>Elevaci\u00f3n el\u00e9ctrica entre 36 y 79 cm mediante sistema de doble columna integrada en cabecero\/piecero.<\/p>\n<p>Motores de articulaci\u00f3n y elevaci\u00f3n de funcionamiento a baja tensi\u00f3n, doble aislamiento y pila de emergencia para bajada a cero en caso de necesidad por corte de energ\u00eda.<\/p>\n<p>Normativa DIN EN 60601-2-52 sobre protecci\u00f3n sanitaria. \u00a0 Motores con protecci\u00f3n al agua IP54 (X4)<\/p>\n<p>Mando a distancia por cable para el control de todas las funciones y con bloqueo de seguridad con\u00a0 protecci\u00f3n anti-choque y anti-agua IP X6<\/p>\n<p>Alojamientos para incorporador y portasueros en las esquinas del cabecero.<\/p>\n<p>Espacio inferior totalmente libre, \u00f3ptimo para el acceso de cualquier tipo de gr\u00faas.<\/p>\n<p>Medidas disponibles para lecho de descanso: 90-105 cm X 190 cm de largo.\u00a0 (medida de colch\u00f3n)<\/p>\n<p>Medidas exteriores: +13,5 cm en ancho y +17 cm en largo sobre las medidas del lecho de descanso.<\/p>\n<\/div>\n<p><img loading=\"lazy\" decoding=\"async\" class=\"\" src=\"https:\/\/static.wixstatic.com\/media\/5bd45d_854d62a7e4364a01ae73f3e79730c2ff~mv2_d_3543_1299_s_2.png\/v1\/fill\/w_296,h_109,al_c,q_85,usm_0.66_1.00_0.01\/5bd45d_854d62a7e4364a01ae73f3e79730c2ff~mv2_d_3543_1299_s_2.webp\" alt=\"Camas, Canap\u00e9s, Cama articulada el\u00e9ctrica, Lamalit, Somier articulado el\u00e9ctrico, Colchones, Colch\u00f3n viscoel\u00e1stico, Almohadas, Cama asistencial, Cama geri\u00e1trica, Colch\u00f3n asistencial\" width=\"206\" height=\"76\" \/><\/p>\n","protected":false},"excerpt":{"rendered":"<p>Para los que quieren una tonalidad m\u00e1s oscura ofrecemos un color cerezo para esta cama con lecho de descanso articulado en 4 planos, sistema de elevaci\u00f3n el\u00e9ctrica con Trendelemburg y Anti-Trendelemburg, cabecero\/piecero\u00a0 y\u00a0 barandillas de madera deslizables. Se sirve con colch\u00f3n de PU\/visco con funda de poliuretano impermeable, transpirable, con tratamiento anti\u00e1caros y antibacterias e [&hellip;]<\/p>\n","protected":false},"featured_media":4490,"comment_status":"open","ping_status":"closed","template":"","meta":{"_et_pb_use_builder":"","_et_pb_old_content":"","_et_gb_content_width":""},"product_brand":[],"product_cat":[211],"product_tag":[],"class_list":{"0":"post-4488","1":"product","2":"type-product","3":"status-publish","4":"has-post-thumbnail","6":"product_cat-cama-y-accesorios","8":"first","9":"onbackorder","10":"shipping-taxable","11":"purchasable","12":"product-type-variable"},"yoast_head":"<!-- This site is optimized with the Yoast SEO plugin v26.2 - https:\/\/yoast.com\/wordpress\/plugins\/seo\/ -->\n<title>Cama &quot;Arus Trend&quot; - Ortopedia Aleupa<\/title>\n<meta name=\"robots\" content=\"index, follow, max-snippet:-1, max-image-preview:large, max-video-preview:-1\" \/>\n<link rel=\"canonical\" href=\"https:\/\/aleupa.com\/?product=cama-arus-trend\" \/>\n<meta property=\"og:locale\" content=\"es_ES\" \/>\n<meta property=\"og:type\" content=\"article\" \/>\n<meta property=\"og:title\" content=\"Cama &quot;Arus Trend&quot; - Ortopedia Aleupa\" \/>\n<meta property=\"og:description\" content=\"Para los que quieren una tonalidad m\u00e1s oscura ofrecemos un color cerezo para esta cama con lecho de descanso articulado en 4 planos, sistema de elevaci\u00f3n el\u00e9ctrica con Trendelemburg y Anti-Trendelemburg, cabecero\/piecero\u00a0 y\u00a0 barandillas de madera deslizables. Se sirve con colch\u00f3n de PU\/visco con funda de poliuretano impermeable, transpirable, con tratamiento anti\u00e1caros y antibacterias e [&hellip;]\" \/>\n<meta property=\"og:url\" content=\"https:\/\/aleupa.com\/?product=cama-arus-trend\" \/>\n<meta property=\"og:site_name\" content=\"Ortopedia Aleupa\" \/>\n<meta property=\"article:modified_time\" content=\"2022-08-24T09:17:24+00:00\" \/>\n<meta property=\"og:image\" content=\"https:\/\/aleupa.com\/wp-content\/uploads\/2020\/11\/5bd45d_9bc4a00c9e0c45f4ba8845b0d67cec9emv2_d_4001_2380_s_2.png\" \/>\n\t<meta property=\"og:image:width\" content=\"500\" \/>\n\t<meta property=\"og:image:height\" content=\"500\" \/>\n\t<meta property=\"og:image:type\" content=\"image\/png\" \/>\n<meta name=\"twitter:card\" content=\"summary_large_image\" \/>\n<meta name=\"twitter:label1\" content=\"Tiempo de lectura\" \/>\n\t<meta name=\"twitter:data1\" content=\"1 minuto\" \/>\n<script type=\"application\/ld+json\" class=\"yoast-schema-graph\">{\"@context\":\"https:\/\/schema.org\",\"@graph\":[{\"@type\":\"WebPage\",\"@id\":\"https:\/\/aleupa.com\/?product=cama-arus-trend\",\"url\":\"https:\/\/aleupa.com\/?product=cama-arus-trend\",\"name\":\"Cama \\\"Arus Trend\\\" - Ortopedia Aleupa\",\"isPartOf\":{\"@id\":\"https:\/\/aleupa.com\/#website\"},\"primaryImageOfPage\":{\"@id\":\"https:\/\/aleupa.com\/?product=cama-arus-trend#primaryimage\"},\"image\":{\"@id\":\"https:\/\/aleupa.com\/?product=cama-arus-trend#primaryimage\"},\"thumbnailUrl\":\"https:\/\/aleupa.com\/wp-content\/uploads\/2020\/11\/5bd45d_9bc4a00c9e0c45f4ba8845b0d67cec9emv2_d_4001_2380_s_2.png\",\"datePublished\":\"2020-11-05T17:59:44+00:00\",\"dateModified\":\"2022-08-24T09:17:24+00:00\",\"breadcrumb\":{\"@id\":\"https:\/\/aleupa.com\/?product=cama-arus-trend#breadcrumb\"},\"inLanguage\":\"es\",\"potentialAction\":[{\"@type\":\"ReadAction\",\"target\":[\"https:\/\/aleupa.com\/?product=cama-arus-trend\"]}]},{\"@type\":\"ImageObject\",\"inLanguage\":\"es\",\"@id\":\"https:\/\/aleupa.com\/?product=cama-arus-trend#primaryimage\",\"url\":\"https:\/\/aleupa.com\/wp-content\/uploads\/2020\/11\/5bd45d_9bc4a00c9e0c45f4ba8845b0d67cec9emv2_d_4001_2380_s_2.png\",\"contentUrl\":\"https:\/\/aleupa.com\/wp-content\/uploads\/2020\/11\/5bd45d_9bc4a00c9e0c45f4ba8845b0d67cec9emv2_d_4001_2380_s_2.png\",\"width\":500,\"height\":500},{\"@type\":\"BreadcrumbList\",\"@id\":\"https:\/\/aleupa.com\/?product=cama-arus-trend#breadcrumb\",\"itemListElement\":[{\"@type\":\"ListItem\",\"position\":1,\"name\":\"Portada\",\"item\":\"https:\/\/aleupa.com\/\"},{\"@type\":\"ListItem\",\"position\":2,\"name\":\"Tienda\",\"item\":\"https:\/\/aleupa.com\/?page_id=802\"},{\"@type\":\"ListItem\",\"position\":3,\"name\":\"Cama \u00abArus Trend\u00bb\"}]},{\"@type\":\"WebSite\",\"@id\":\"https:\/\/aleupa.com\/#website\",\"url\":\"https:\/\/aleupa.com\/\",\"name\":\"Ortopedia Aleupa\",\"description\":\"Ayudas a la dependencia\",\"alternateName\":\"Ortopedia en Puerto de la Cruz, Tenerife\",\"potentialAction\":[{\"@type\":\"SearchAction\",\"target\":{\"@type\":\"EntryPoint\",\"urlTemplate\":\"https:\/\/aleupa.com\/?s={search_term_string}\"},\"query-input\":{\"@type\":\"PropertyValueSpecification\",\"valueRequired\":true,\"valueName\":\"search_term_string\"}}],\"inLanguage\":\"es\"}]}<\/script>\n<!-- \/ Yoast SEO plugin. -->","yoast_head_json":{"title":"Cama \"Arus Trend\" - Ortopedia Aleupa","robots":{"index":"index","follow":"follow","max-snippet":"max-snippet:-1","max-image-preview":"max-image-preview:large","max-video-preview":"max-video-preview:-1"},"canonical":"https:\/\/aleupa.com\/?product=cama-arus-trend","og_locale":"es_ES","og_type":"article","og_title":"Cama \"Arus Trend\" - Ortopedia Aleupa","og_description":"Para los que quieren una tonalidad m\u00e1s oscura ofrecemos un color cerezo para esta cama con lecho de descanso articulado en 4 planos, sistema de elevaci\u00f3n el\u00e9ctrica con Trendelemburg y Anti-Trendelemburg, cabecero\/piecero\u00a0 y\u00a0 barandillas de madera deslizables. Se sirve con colch\u00f3n de PU\/visco con funda de poliuretano impermeable, transpirable, con tratamiento anti\u00e1caros y antibacterias e [&hellip;]","og_url":"https:\/\/aleupa.com\/?product=cama-arus-trend","og_site_name":"Ortopedia Aleupa","article_modified_time":"2022-08-24T09:17:24+00:00","og_image":[{"width":500,"height":500,"url":"https:\/\/aleupa.com\/wp-content\/uploads\/2020\/11\/5bd45d_9bc4a00c9e0c45f4ba8845b0d67cec9emv2_d_4001_2380_s_2.png","type":"image\/png"}],"twitter_card":"summary_large_image","twitter_misc":{"Tiempo de lectura":"1 minuto"},"schema":{"@context":"https:\/\/schema.org","@graph":[{"@type":"WebPage","@id":"https:\/\/aleupa.com\/?product=cama-arus-trend","url":"https:\/\/aleupa.com\/?product=cama-arus-trend","name":"Cama \"Arus Trend\" - Ortopedia Aleupa","isPartOf":{"@id":"https:\/\/aleupa.com\/#website"},"primaryImageOfPage":{"@id":"https:\/\/aleupa.com\/?product=cama-arus-trend#primaryimage"},"image":{"@id":"https:\/\/aleupa.com\/?product=cama-arus-trend#primaryimage"},"thumbnailUrl":"https:\/\/aleupa.com\/wp-content\/uploads\/2020\/11\/5bd45d_9bc4a00c9e0c45f4ba8845b0d67cec9emv2_d_4001_2380_s_2.png","datePublished":"2020-11-05T17:59:44+00:00","dateModified":"2022-08-24T09:17:24+00:00","breadcrumb":{"@id":"https:\/\/aleupa.com\/?product=cama-arus-trend#breadcrumb"},"inLanguage":"es","potentialAction":[{"@type":"ReadAction","target":["https:\/\/aleupa.com\/?product=cama-arus-trend"]}]},{"@type":"ImageObject","inLanguage":"es","@id":"https:\/\/aleupa.com\/?product=cama-arus-trend#primaryimage","url":"https:\/\/aleupa.com\/wp-content\/uploads\/2020\/11\/5bd45d_9bc4a00c9e0c45f4ba8845b0d67cec9emv2_d_4001_2380_s_2.png","contentUrl":"https:\/\/aleupa.com\/wp-content\/uploads\/2020\/11\/5bd45d_9bc4a00c9e0c45f4ba8845b0d67cec9emv2_d_4001_2380_s_2.png","width":500,"height":500},{"@type":"BreadcrumbList","@id":"https:\/\/aleupa.com\/?product=cama-arus-trend#breadcrumb","itemListElement":[{"@type":"ListItem","position":1,"name":"Portada","item":"https:\/\/aleupa.com\/"},{"@type":"ListItem","position":2,"name":"Tienda","item":"https:\/\/aleupa.com\/?page_id=802"},{"@type":"ListItem","position":3,"name":"Cama \u00abArus Trend\u00bb"}]},{"@type":"WebSite","@id":"https:\/\/aleupa.com\/#website","url":"https:\/\/aleupa.com\/","name":"Ortopedia Aleupa","description":"Ayudas a la dependencia","alternateName":"Ortopedia en Puerto de la Cruz, Tenerife","potentialAction":[{"@type":"SearchAction","target":{"@type":"EntryPoint","urlTemplate":"https:\/\/aleupa.com\/?s={search_term_string}"},"query-input":{"@type":"PropertyValueSpecification","valueRequired":true,"valueName":"search_term_string"}}],"inLanguage":"es"}]}},"_links":{"self":[{"href":"https:\/\/aleupa.com\/index.php?rest_route=\/wp\/v2\/product\/4488","targetHints":{"allow":["GET"]}}],"collection":[{"href":"https:\/\/aleupa.com\/index.php?rest_route=\/wp\/v2\/product"}],"about":[{"href":"https:\/\/aleupa.com\/index.php?rest_route=\/wp\/v2\/types\/product"}],"replies":[{"embeddable":true,"href":"https:\/\/aleupa.com\/index.php?rest_route=%2Fwp%2Fv2%2Fcomments&post=4488"}],"wp:featuredmedia":[{"embeddable":true,"href":"https:\/\/aleupa.com\/index.php?rest_route=\/wp\/v2\/media\/4490"}],"wp:attachment":[{"href":"https:\/\/aleupa.com\/index.php?rest_route=%2Fwp%2Fv2%2Fmedia&parent=4488"}],"wp:term":[{"taxonomy":"product_brand","embeddable":true,"href":"https:\/\/aleupa.com\/index.php?rest_route=%2Fwp%2Fv2%2Fproduct_brand&post=4488"},{"taxonomy":"product_cat","embeddable":true,"href":"https:\/\/aleupa.com\/index.php?rest_route=%2Fwp%2Fv2%2Fproduct_cat&post=4488"},{"taxonomy":"product_tag","embeddable":true,"href":"https:\/\/aleupa.com\/index.php?rest_route=%2Fwp%2Fv2%2Fproduct_tag&post=4488"}],"curies":[{"name":"wp","href":"https:\/\/api.w.org\/{rel}","templated":true}]}}

<div class="_3cRjW" data-hook="content-wrapper">
<p>Para los que quieren una tonalidad más oscura ofrecemos un color cerezo para esta cama con lecho de descanso articulado en 4 planos, sistema de elevación eléctrica con Trendelemburg y Anti-Trendelemburg, cabecero/piecero  y  barandillas de madera deslizables.</p>
<p>Se sirve con colchón de PU/visco con funda de poliuretano impermeable, transpirable, con tratamiento antiácaros y antibacterias e ignífuga. (Medida correspondiente a la variación solicitada)</p>
<p>Multiláminas de madera de 38mm sustentadas sobre suspensiones pivotantes y reforzadas con doble lámina en zona lumbar.</p>
<p>Elevación eléctrica entre 36 y 79 cm mediante sistema de doble columna integrada en cabecero/piecero.</p>
<p>Motores de articulación y elevación de funcionamiento a baja tensión, doble aislamiento y pila de emergencia para bajada a cero en caso de necesidad por corte de energía.</p>
<p>Normativa DIN EN 60601-2-52 sobre protección sanitaria.   Motores con protección al agua IP54 (X4)</p>
<p>Mando a distancia por cable para el control de todas las funciones y con bloqueo de seguridad con  protección anti-choque y anti-agua IP X6</p>
<p>Alojamientos para incorporador y portasueros en las esquinas del cabecero.</p>
<p>Espacio inferior totalmente libre, óptimo para el acceso de cualquier tipo de grúas.</p>
<p>Medidas disponibles para lecho de descanso: 90-105 cm X 190 cm de largo.  (medida de colchón)</p>
<p>Medidas exteriores: +13,5 cm en ancho y +17 cm en largo sobre las medidas del lecho de descanso.</p>
</div>
<p><img loading="lazy" decoding="async" class="" src="https://static.wixstatic.com/media/5bd45d_854d62a7e4364a01ae73f3e79730c2ff~mv2_d_3543_1299_s_2.png/v1/fill/w_296,h_109,al_c,q_85,usm_0.66_1.00_0.01/5bd45d_854d62a7e4364a01ae73f3e79730c2ff~mv2_d_3543_1299_s_2.webp" alt="Camas, Canapés, Cama articulada eléctrica, Lamalit, Somier articulado eléctrico, Colchones, Colchón viscoelástico, Almohadas, Cama asistencial, Cama geriátrica, Colchón asistencial" width="206" height="76" /></p>

<p>Para los que quieren una tonalidad más oscura ofrecemos un color cerezo para esta cama con lecho de descanso articulado en 4 planos, sistema de elevación eléctrica con Trendelemburg y Anti-Trendelemburg, cabecero/piecero  y  barandillas de madera deslizables. Se sirve con colchón de PU/visco con funda de poliuretano impermeable, transpirable, con tratamiento antiácaros y antibacterias e [&hellip;]</p>

<!-- This site is optimized with the Yoast SEO plugin v26.2 - https://yoast.com/wordpress/plugins/seo/ -->
<title>Cama &quot;Arus Trend&quot; - Ortopedia Aleupa</title>
<meta name="robots" content="index, follow, max-snippet:-1, max-image-preview:large, max-video-preview:-1" />
<link rel="canonical" href="https://aleupa.com/?product=cama-arus-trend" />
<meta property="og:locale" content="es_ES" />
<meta property="og:type" content="article" />
<meta property="og:title" content="Cama &quot;Arus Trend&quot; - Ortopedia Aleupa" />
<meta property="og:description" content="Para los que quieren una tonalidad más oscura ofrecemos un color cerezo para esta cama con lecho de descanso articulado en 4 planos, sistema de elevación eléctrica con Trendelemburg y Anti-Trendelemburg, cabecero/piecero  y  barandillas de madera deslizables. Se sirve con colchón de PU/visco con funda de poliuretano impermeable, transpirable, con tratamiento antiácaros y antibacterias e [&hellip;]" />
<meta property="og:url" content="https://aleupa.com/?product=cama-arus-trend" />
<meta property="og:site_name" content="Ortopedia Aleupa" />
<meta property="article:modified_time" content="2022-08-24T09:17:24+00:00" />
<meta property="og:image" content="https://aleupa.com/wp-content/uploads/2020/11/5bd45d_9bc4a00c9e0c45f4ba8845b0d67cec9emv2_d_4001_2380_s_2.png" />
	<meta property="og:image:width" content="500" />
	<meta property="og:image:height" content="500" />
	<meta property="og:image:type" content="image/png" />
<meta name="twitter:card" content="summary_large_image" />
<meta name="twitter:label1" content="Tiempo de lectura" />
	<meta name="twitter:data1" content="1 minuto" />
<script type="application/ld+json" class="yoast-schema-graph">{"@context":"https://schema.org","@graph":[{"@type":"WebPage","@id":"https://aleupa.com/?product=cama-arus-trend","url":"https://aleupa.com/?product=cama-arus-trend","name":"Cama \"Arus Trend\" - Ortopedia Aleupa","isPartOf":{"@id":"https://aleupa.com/#website"},"primaryImageOfPage":{"@id":"https://aleupa.com/?product=cama-arus-trend#primaryimage"},"image":{"@id":"https://aleupa.com/?product=cama-arus-trend#primaryimage"},"thumbnailUrl":"https://aleupa.com/wp-content/uploads/2020/11/5bd45d_9bc4a00c9e0c45f4ba8845b0d67cec9emv2_d_4001_2380_s_2.png","datePublished":"2020-11-05T17:59:44+00:00","dateModified":"2022-08-24T09:17:24+00:00","breadcrumb":{"@id":"https://aleupa.com/?product=cama-arus-trend#breadcrumb"},"inLanguage":"es","potentialAction":[{"@type":"ReadAction","target":["https://aleupa.com/?product=cama-arus-trend"]}]},{"@type":"ImageObject","inLanguage":"es","@id":"https://aleupa.com/?product=cama-arus-trend#primaryimage","url":"https://aleupa.com/wp-content/uploads/2020/11/5bd45d_9bc4a00c9e0c45f4ba8845b0d67cec9emv2_d_4001_2380_s_2.png","contentUrl":"https://aleupa.com/wp-content/uploads/2020/11/5bd45d_9bc4a00c9e0c45f4ba8845b0d67cec9emv2_d_4001_2380_s_2.png","width":500,"height":500},{"@type":"BreadcrumbList","@id":"https://aleupa.com/?product=cama-arus-trend#breadcrumb","itemListElement":[{"@type":"ListItem","position":1,"name":"Portada","item":"https://aleupa.com/"},{"@type":"ListItem","position":2,"name":"Tienda","item":"https://aleupa.com/?page_id=802"},{"@type":"ListItem","position":3,"name":"Cama «Arus Trend»"}]},{"@type":"WebSite","@id":"https://aleupa.com/#website","url":"https://aleupa.com/","name":"Ortopedia Aleupa","description":"Ayudas a la dependencia","alternateName":"Ortopedia en Puerto de la Cruz, Tenerife","potentialAction":[{"@type":"SearchAction","target":{"@type":"EntryPoint","urlTemplate":"https://aleupa.com/?s={search_term_string}"},"query-input":{"@type":"PropertyValueSpecification","valueRequired":true,"valueName":"search_term_string"}}],"inLanguage":"es"}]}</script>
<!-- / Yoast SEO plugin. -->

Para los que quieren una tonalidad más oscura ofrecemos un color cerezo para esta cama con lecho de descanso articulado en 4 planos, sistema de elevación eléctrica con Trendelemburg y Anti-Trendelemburg, cabecero/piecero  y  barandillas de madera deslizables. Se sirve con colchón de PU/visco con funda de poliuretano impermeable, transpirable, con tratamiento antiácaros y antibacterias e [&hellip;]
