{"id":4708,"date":"2020-12-17T18:48:18","date_gmt":"2020-12-17T18:48:18","guid":{"rendered":"http:\/\/www.aleupa.com\/?post_type=product&#038;p=4708"},"modified":"2020-12-18T17:21:30","modified_gmt":"2020-12-18T17:21:30","slug":"4708","status":"publish","type":"product","link":"https:\/\/aleupa.com\/?product=4708","title":{"rendered":"S\u00e1bana tubular superdeslizante"},"content":{"rendered":"<div id=\"tw-target-text-container\" class=\"tw-ta-container hide-focus-ring tw-nfl\" tabindex=\"0\">\n<p id=\"tw-target-text\" class=\"tw-data-text tw-text-large XcVN5d tw-ta\" dir=\"ltr\" data-placeholder=\"Traducci\u00f3n\"><span lang=\"es\">Fabricado con tela de nylon ligera y ultradeslizante y reforzada con correas de poliproleno.<br \/>\n<\/span><\/p>\n<p dir=\"ltr\" data-placeholder=\"Traducci\u00f3n\">Su dise\u00f1o tubular minimiza la fricci\u00f3n \u00a0 entre las superficies facilitando el deslizamiento del paciente.<\/p>\n<p dir=\"ltr\" data-placeholder=\"Traducci\u00f3n\"><span lang=\"es\">Ideado para\u00a0 evitar la fricci\u00f3n en la piel del paciente y\u00a0 ayudar a los cuidadores a desempe\u00f1ar su trabajo con\u00a0 seguridad, evitando lesiones por sobresfuerzos.<\/span><\/p>\n<p dir=\"ltr\" data-placeholder=\"Traducci\u00f3n\">Es una ayuda muy \u00fatil para llevar a cabo tareas de reposicionamiento de pacientes en cama.<\/p>\n<p dir=\"ltr\" data-placeholder=\"Traducci\u00f3n\"><span lang=\"es\">Recomendamos\u00a0 su utilizaci\u00f3n por o bajo supervisi\u00f3n de personal cualificado, familiarizado con el manejo y manipulaci\u00f3n de pacientes hasta familiarizaci\u00f3n en dicho manejo.<\/span><\/p>\n<\/div>\n<div class=\"iYB33c\">\n<div class=\"dlJLJe\">\n<div data-cviv=\"false\" data-ved=\"2ahUKEwiNgNTIyNXtAhUUoVwKHTLZCKYQz_AEMAB6BAgBEA4\">\n<div id=\"tw-tmenu\" class=\"tw-menu\">Largo:\u00a0 1,20 m.<\/div>\n<\/div>\n<\/div>\n<div>Ancho:\u00a0 71 cm.<\/div>\n<div>Lavable a 65\u00ba.<\/div>\n<div><\/div>\n<\/div>\n<div class=\"ULSxyf\">\n<div class=\"KIy09e obcontainer mod\" data-md=\"77\" data-hveid=\"CAEQAA\" data-ved=\"2ahUKEwiNgNTIyNXtAhUUoVwKHTLZCKYQkCkwAHoECAEQAA\">\n<div id=\"tw-main\" data-hveid=\"CAEQAQ\">\n<div id=\"tw-container\" class=\"YQaNob\" data-cp=\"1\" data-nnttsvi=\"1\" data-sm=\"1\" data-sugg-time=\"500\" data-sugg-url=\"https:\/\/clients1.google.com\/complete\/search\" data-uilc=\"es\">\n<div>\n<div class=\"jhH5U\">\n<div id=\"tw-ob\" class=\"tw-src-ltr\">\n<div class=\"oSioSc\">\n<div id=\"tw-target\">\n<div id=\"kAz1tf\" class=\"g9WsWb\">\n<div>\n<div class=\"yuRUbf\">\n<div class=\"rc\" data-hveid=\"CA0QAA\" data-ved=\"2ahUKEwiNgNTIyNXtAhUUoVwKHTLZCKYQFSgAMAR6BAgNEAA\">\n<div class=\"yuRUbf\">\n<div data-ved=\"2ahUKEwiNgNTIyNXtAhUUoVwKHTLZCKYQCHoECAUQNg\">\n<div id=\"brs\" data-hveid=\"CAQQAA\">\n<div class=\"card-section\">\n<div class=\"brs_col\">\n<p><img decoding=\"async\" class=\"brand-img\" src=\"https:\/\/www.performancehealth.co.uk\/media\/images\/brands\/HomecraftRolyan_cmyk.jpg\" \/><\/p>\n<\/div>\n<\/div>\n<\/div>\n<\/div>\n<\/div>\n<\/div>\n<\/div>\n<\/div>\n<\/div>\n<\/div>\n<\/div>\n<\/div>\n<\/div>\n<\/div>\n<\/div>\n<\/div>\n<\/div>\n<\/div>\n","protected":false},"excerpt":{"rendered":"<p>Fabricado con tela de nylon ligera y ultradeslizante y reforzada con correas de poliproleno. Su dise\u00f1o tubular minimiza la fricci\u00f3n \u00a0 entre las superficies facilitando el deslizamiento del paciente. Ideado para\u00a0 evitar la fricci\u00f3n en la piel del paciente y\u00a0 ayudar a los cuidadores a desempe\u00f1ar su trabajo con\u00a0 seguridad, evitando lesiones por sobresfuerzos. Es [&hellip;]<\/p>\n","protected":false},"featured_media":4710,"comment_status":"closed","ping_status":"closed","template":"","meta":{"_et_pb_use_builder":"","_et_pb_old_content":"","_et_gb_content_width":""},"product_brand":[],"product_cat":[229,585],"product_tag":[635,626],"class_list":{"0":"post-4708","1":"product","2":"type-product","3":"status-publish","4":"has-post-thumbnail","6":"product_cat-movilizacion","7":"product_cat-otros-transferencia","8":"product_tag-sabana","9":"product_tag-transferencia","10":"product_shipping_class-tourline-express","12":"first","13":"instock","14":"shipping-taxable","15":"purchasable","16":"product-type-simple"},"yoast_head":"<!-- This site is optimized with the Yoast SEO plugin v26.2 - https:\/\/yoast.com\/wordpress\/plugins\/seo\/ -->\n<title>S\u00e1bana tubular superdeslizante - Ortopedia Aleupa<\/title>\n<meta name=\"robots\" content=\"index, follow, max-snippet:-1, max-image-preview:large, max-video-preview:-1\" \/>\n<link rel=\"canonical\" href=\"https:\/\/aleupa.com\/?product=4708\" \/>\n<meta property=\"og:locale\" content=\"es_ES\" \/>\n<meta property=\"og:type\" content=\"article\" \/>\n<meta property=\"og:title\" content=\"S\u00e1bana tubular superdeslizante - Ortopedia Aleupa\" \/>\n<meta property=\"og:description\" content=\"Fabricado con tela de nylon ligera y ultradeslizante y reforzada con correas de poliproleno. Su dise\u00f1o tubular minimiza la fricci\u00f3n \u00a0 entre las superficies facilitando el deslizamiento del paciente. Ideado para\u00a0 evitar la fricci\u00f3n en la piel del paciente y\u00a0 ayudar a los cuidadores a desempe\u00f1ar su trabajo con\u00a0 seguridad, evitando lesiones por sobresfuerzos. Es [&hellip;]\" \/>\n<meta property=\"og:url\" content=\"https:\/\/aleupa.com\/?product=4708\" \/>\n<meta property=\"og:site_name\" content=\"Ortopedia Aleupa\" \/>\n<meta property=\"article:modified_time\" content=\"2020-12-18T17:21:30+00:00\" \/>\n<meta property=\"og:image\" content=\"https:\/\/aleupa.com\/wp-content\/uploads\/2020\/12\/sabana-superdeslizante-120x71-cm-01.jpg\" \/>\n\t<meta property=\"og:image:width\" content=\"500\" \/>\n\t<meta property=\"og:image:height\" content=\"500\" \/>\n\t<meta property=\"og:image:type\" content=\"image\/jpeg\" \/>\n<meta name=\"twitter:card\" content=\"summary_large_image\" \/>\n<meta name=\"twitter:label1\" content=\"Tiempo de lectura\" \/>\n\t<meta name=\"twitter:data1\" content=\"1 minuto\" \/>\n<script type=\"application\/ld+json\" class=\"yoast-schema-graph\">{\"@context\":\"https:\/\/schema.org\",\"@graph\":[{\"@type\":\"WebPage\",\"@id\":\"https:\/\/aleupa.com\/?product=4708\",\"url\":\"https:\/\/aleupa.com\/?product=4708\",\"name\":\"S\u00e1bana tubular superdeslizante - Ortopedia Aleupa\",\"isPartOf\":{\"@id\":\"https:\/\/aleupa.com\/#website\"},\"primaryImageOfPage\":{\"@id\":\"https:\/\/aleupa.com\/?product=4708#primaryimage\"},\"image\":{\"@id\":\"https:\/\/aleupa.com\/?product=4708#primaryimage\"},\"thumbnailUrl\":\"https:\/\/aleupa.com\/wp-content\/uploads\/2020\/12\/sabana-superdeslizante-120x71-cm-01.jpg\",\"datePublished\":\"2020-12-17T18:48:18+00:00\",\"dateModified\":\"2020-12-18T17:21:30+00:00\",\"breadcrumb\":{\"@id\":\"https:\/\/aleupa.com\/?product=4708#breadcrumb\"},\"inLanguage\":\"es\",\"potentialAction\":[{\"@type\":\"ReadAction\",\"target\":[\"https:\/\/aleupa.com\/?product=4708\"]}]},{\"@type\":\"ImageObject\",\"inLanguage\":\"es\",\"@id\":\"https:\/\/aleupa.com\/?product=4708#primaryimage\",\"url\":\"https:\/\/aleupa.com\/wp-content\/uploads\/2020\/12\/sabana-superdeslizante-120x71-cm-01.jpg\",\"contentUrl\":\"https:\/\/aleupa.com\/wp-content\/uploads\/2020\/12\/sabana-superdeslizante-120x71-cm-01.jpg\",\"width\":500,\"height\":500},{\"@type\":\"BreadcrumbList\",\"@id\":\"https:\/\/aleupa.com\/?product=4708#breadcrumb\",\"itemListElement\":[{\"@type\":\"ListItem\",\"position\":1,\"name\":\"Portada\",\"item\":\"https:\/\/aleupa.com\/\"},{\"@type\":\"ListItem\",\"position\":2,\"name\":\"Tienda\",\"item\":\"https:\/\/aleupa.com\/?page_id=802\"},{\"@type\":\"ListItem\",\"position\":3,\"name\":\"S\u00e1bana tubular superdeslizante\"}]},{\"@type\":\"WebSite\",\"@id\":\"https:\/\/aleupa.com\/#website\",\"url\":\"https:\/\/aleupa.com\/\",\"name\":\"Ortopedia Aleupa\",\"description\":\"Ayudas a la dependencia\",\"alternateName\":\"Ortopedia en Puerto de la Cruz, Tenerife\",\"potentialAction\":[{\"@type\":\"SearchAction\",\"target\":{\"@type\":\"EntryPoint\",\"urlTemplate\":\"https:\/\/aleupa.com\/?s={search_term_string}\"},\"query-input\":{\"@type\":\"PropertyValueSpecification\",\"valueRequired\":true,\"valueName\":\"search_term_string\"}}],\"inLanguage\":\"es\"}]}<\/script>\n<!-- \/ Yoast SEO plugin. -->","yoast_head_json":{"title":"S\u00e1bana tubular superdeslizante - Ortopedia Aleupa","robots":{"index":"index","follow":"follow","max-snippet":"max-snippet:-1","max-image-preview":"max-image-preview:large","max-video-preview":"max-video-preview:-1"},"canonical":"https:\/\/aleupa.com\/?product=4708","og_locale":"es_ES","og_type":"article","og_title":"S\u00e1bana tubular superdeslizante - Ortopedia Aleupa","og_description":"Fabricado con tela de nylon ligera y ultradeslizante y reforzada con correas de poliproleno. Su dise\u00f1o tubular minimiza la fricci\u00f3n \u00a0 entre las superficies facilitando el deslizamiento del paciente. Ideado para\u00a0 evitar la fricci\u00f3n en la piel del paciente y\u00a0 ayudar a los cuidadores a desempe\u00f1ar su trabajo con\u00a0 seguridad, evitando lesiones por sobresfuerzos. Es [&hellip;]","og_url":"https:\/\/aleupa.com\/?product=4708","og_site_name":"Ortopedia Aleupa","article_modified_time":"2020-12-18T17:21:30+00:00","og_image":[{"width":500,"height":500,"url":"https:\/\/aleupa.com\/wp-content\/uploads\/2020\/12\/sabana-superdeslizante-120x71-cm-01.jpg","type":"image\/jpeg"}],"twitter_card":"summary_large_image","twitter_misc":{"Tiempo de lectura":"1 minuto"},"schema":{"@context":"https:\/\/schema.org","@graph":[{"@type":"WebPage","@id":"https:\/\/aleupa.com\/?product=4708","url":"https:\/\/aleupa.com\/?product=4708","name":"S\u00e1bana tubular superdeslizante - Ortopedia Aleupa","isPartOf":{"@id":"https:\/\/aleupa.com\/#website"},"primaryImageOfPage":{"@id":"https:\/\/aleupa.com\/?product=4708#primaryimage"},"image":{"@id":"https:\/\/aleupa.com\/?product=4708#primaryimage"},"thumbnailUrl":"https:\/\/aleupa.com\/wp-content\/uploads\/2020\/12\/sabana-superdeslizante-120x71-cm-01.jpg","datePublished":"2020-12-17T18:48:18+00:00","dateModified":"2020-12-18T17:21:30+00:00","breadcrumb":{"@id":"https:\/\/aleupa.com\/?product=4708#breadcrumb"},"inLanguage":"es","potentialAction":[{"@type":"ReadAction","target":["https:\/\/aleupa.com\/?product=4708"]}]},{"@type":"ImageObject","inLanguage":"es","@id":"https:\/\/aleupa.com\/?product=4708#primaryimage","url":"https:\/\/aleupa.com\/wp-content\/uploads\/2020\/12\/sabana-superdeslizante-120x71-cm-01.jpg","contentUrl":"https:\/\/aleupa.com\/wp-content\/uploads\/2020\/12\/sabana-superdeslizante-120x71-cm-01.jpg","width":500,"height":500},{"@type":"BreadcrumbList","@id":"https:\/\/aleupa.com\/?product=4708#breadcrumb","itemListElement":[{"@type":"ListItem","position":1,"name":"Portada","item":"https:\/\/aleupa.com\/"},{"@type":"ListItem","position":2,"name":"Tienda","item":"https:\/\/aleupa.com\/?page_id=802"},{"@type":"ListItem","position":3,"name":"S\u00e1bana tubular superdeslizante"}]},{"@type":"WebSite","@id":"https:\/\/aleupa.com\/#website","url":"https:\/\/aleupa.com\/","name":"Ortopedia Aleupa","description":"Ayudas a la dependencia","alternateName":"Ortopedia en Puerto de la Cruz, Tenerife","potentialAction":[{"@type":"SearchAction","target":{"@type":"EntryPoint","urlTemplate":"https:\/\/aleupa.com\/?s={search_term_string}"},"query-input":{"@type":"PropertyValueSpecification","valueRequired":true,"valueName":"search_term_string"}}],"inLanguage":"es"}]}},"_links":{"self":[{"href":"https:\/\/aleupa.com\/index.php?rest_route=\/wp\/v2\/product\/4708","targetHints":{"allow":["GET"]}}],"collection":[{"href":"https:\/\/aleupa.com\/index.php?rest_route=\/wp\/v2\/product"}],"about":[{"href":"https:\/\/aleupa.com\/index.php?rest_route=\/wp\/v2\/types\/product"}],"replies":[{"embeddable":true,"href":"https:\/\/aleupa.com\/index.php?rest_route=%2Fwp%2Fv2%2Fcomments&post=4708"}],"wp:featuredmedia":[{"embeddable":true,"href":"https:\/\/aleupa.com\/index.php?rest_route=\/wp\/v2\/media\/4710"}],"wp:attachment":[{"href":"https:\/\/aleupa.com\/index.php?rest_route=%2Fwp%2Fv2%2Fmedia&parent=4708"}],"wp:term":[{"taxonomy":"product_brand","embeddable":true,"href":"https:\/\/aleupa.com\/index.php?rest_route=%2Fwp%2Fv2%2Fproduct_brand&post=4708"},{"taxonomy":"product_cat","embeddable":true,"href":"https:\/\/aleupa.com\/index.php?rest_route=%2Fwp%2Fv2%2Fproduct_cat&post=4708"},{"taxonomy":"product_tag","embeddable":true,"href":"https:\/\/aleupa.com\/index.php?rest_route=%2Fwp%2Fv2%2Fproduct_tag&post=4708"}],"curies":[{"name":"wp","href":"https:\/\/api.w.org\/{rel}","templated":true}]}}