{"id":4723,"date":"2020-12-18T20:06:15","date_gmt":"2020-12-18T20:06:15","guid":{"rendered":"http:\/\/www.aleupa.com\/?post_type=product&#038;p=4723"},"modified":"2024-11-12T19:31:26","modified_gmt":"2024-11-12T19:31:26","slug":"grua-powerlift","status":"publish","type":"product","link":"https:\/\/aleupa.com\/?product=grua-powerlift","title":{"rendered":"Grua Powerlift"},"content":{"rendered":"<div id=\"page-title\">\n<div id=\"page-title-content\">\n<p>Gr\u00faa de transferencia para el manejo y traslado de pacientes.<\/p>\n<p>Dos configuraciones adecuadas para pacientes de hasta 135 y 175 kg. respectivamente.<\/p>\n<p>Estas gr\u00faas est\u00e1n dise\u00f1adas para ser usadas en casa al igual que en residencias y hospitales.<\/p>\n<p>Ofrecen una seguridad, funcionalidad, manejo y fiabilidad sobresalientes.<\/p>\n<\/div>\n<\/div>\n<div id=\"main-content\" class=\"mc-left\">\n<div class=\"post-726 portfolio_item type-portfolio_item status-publish has-post-thumbnail hentry portfolio_category-gruas-de-transferencia\">\n<div class=\"blog-post\">\n<div class=\"post-content\">\n<h3>Caracter\u00edsticas<\/h3>\n<ul class=\"custom-list arrows-1\">\n<li>Capacidad de carga 135 Kg. o hasta 175 Kg., seg\u00fan modelo.<\/li>\n<li>Cargador integrado con entrada de100-240 V 50-60 Hz.<\/li>\n<li>Motor desmontable manualmente.<\/li>\n<li>Mando con cable.<\/li>\n<li>Las partes electr\u00f3nicas cumplen con los est\u00e1ndares UNE-EN 60601-1 y UNE-EN 60601-1-2.<\/li>\n<li>Grado de protecci\u00f3n de las partes el\u00e9ctricas IP X4.<\/li>\n<li>Alarma sonora \/ luminosa de nivel de bater\u00eda.<\/li>\n<li>Sistema de control con bot\u00f3n de parada de emergencia.<\/li>\n<li>Dise\u00f1o compacto.<\/li>\n<li>Percha recubierta con caucho termopl\u00e1stico.<\/li>\n<li>Percha con giro de 360\u00ba.<\/li>\n<li>Estructura de acero recubierta de<\/li>\n<li>Epoxy-poli\u00e9ster.<\/li>\n<li>Dise\u00f1o de m\u00e1stil que impide la entrada de l\u00edquidos en el interior de la gr\u00faa, alargando su durabilidad.<\/li>\n<li>Desmontable en dos partes.<\/li>\n<li>F\u00e1cil de transportar y almacenar.<\/li>\n<li>Estructura de la base que proporciona una estabilidad y seguridad superior.<\/li>\n<li>Rueda doble de \u00d8 75 mm con soporte giratorio de acero zincado y rodamiento de doble hilera de bolas, las traseras con freno individual.<\/li>\n<li>Amplio rango de trabajo que permite elevar al paciente desde el suelo.<\/li>\n<li>Arn\u00e9s incluido.<\/li>\n<\/ul>\n<p>Dise\u00f1o seg\u00fan norma UNE-EN ISO 10535. Gr\u00faas para el traslado de personas con discapacidad.<\/p>\n<\/div>\n<\/div>\n<\/div>\n<\/div>\n","protected":false},"excerpt":{"rendered":"<p>Gr\u00faa de transferencia para el manejo y traslado de pacientes. Dos configuraciones adecuadas para pacientes de hasta 135 y 175 kg. respectivamente. Estas gr\u00faas est\u00e1n dise\u00f1adas para ser usadas en casa al igual que en residencias y hospitales. Ofrecen una seguridad, funcionalidad, manejo y fiabilidad sobresalientes. Caracter\u00edsticas Capacidad de carga 135 Kg. o hasta 175 [&hellip;]<\/p>\n","protected":false},"featured_media":4729,"comment_status":"closed","ping_status":"closed","template":"","meta":{"_et_pb_use_builder":"","_et_pb_old_content":"","_et_gb_content_width":""},"product_brand":[],"product_cat":[583],"product_tag":[641,640,643,626,642],"class_list":{"0":"post-4723","1":"product","2":"type-product","3":"status-publish","4":"has-post-thumbnail","6":"product_cat-gruas","7":"product_tag-elevacion","8":"product_tag-grua","9":"product_tag-levantapersonas","10":"product_tag-transferencia","11":"product_tag-traslado","13":"first","14":"instock","15":"shipping-taxable","16":"purchasable","17":"product-type-variable"},"yoast_head":"<!-- This site is optimized with the Yoast SEO plugin v26.2 - https:\/\/yoast.com\/wordpress\/plugins\/seo\/ -->\n<title>Grua Powerlift - Ortopedia Aleupa<\/title>\n<meta name=\"robots\" content=\"index, follow, max-snippet:-1, max-image-preview:large, max-video-preview:-1\" \/>\n<link rel=\"canonical\" href=\"https:\/\/aleupa.com\/?product=grua-powerlift\" \/>\n<meta property=\"og:locale\" content=\"es_ES\" \/>\n<meta property=\"og:type\" content=\"article\" \/>\n<meta property=\"og:title\" content=\"Grua Powerlift - Ortopedia Aleupa\" \/>\n<meta property=\"og:description\" content=\"Gr\u00faa de transferencia para el manejo y traslado de pacientes. Dos configuraciones adecuadas para pacientes de hasta 135 y 175 kg. respectivamente. Estas gr\u00faas est\u00e1n dise\u00f1adas para ser usadas en casa al igual que en residencias y hospitales. Ofrecen una seguridad, funcionalidad, manejo y fiabilidad sobresalientes. Caracter\u00edsticas Capacidad de carga 135 Kg. o hasta 175 [&hellip;]\" \/>\n<meta property=\"og:url\" content=\"https:\/\/aleupa.com\/?product=grua-powerlift\" \/>\n<meta property=\"og:site_name\" content=\"Ortopedia Aleupa\" \/>\n<meta property=\"article:modified_time\" content=\"2024-11-12T19:31:26+00:00\" \/>\n<meta property=\"og:image\" content=\"https:\/\/aleupa.com\/wp-content\/uploads\/2020\/12\/powerlift_135_mini_mainb_2015.jpg\" \/>\n\t<meta property=\"og:image:width\" content=\"500\" \/>\n\t<meta property=\"og:image:height\" content=\"500\" \/>\n\t<meta property=\"og:image:type\" content=\"image\/jpeg\" \/>\n<meta name=\"twitter:card\" content=\"summary_large_image\" \/>\n<meta name=\"twitter:label1\" content=\"Tiempo de lectura\" \/>\n\t<meta name=\"twitter:data1\" content=\"1 minuto\" \/>\n<script type=\"application\/ld+json\" class=\"yoast-schema-graph\">{\"@context\":\"https:\/\/schema.org\",\"@graph\":[{\"@type\":\"WebPage\",\"@id\":\"https:\/\/aleupa.com\/?product=grua-powerlift\",\"url\":\"https:\/\/aleupa.com\/?product=grua-powerlift\",\"name\":\"Grua Powerlift - Ortopedia Aleupa\",\"isPartOf\":{\"@id\":\"https:\/\/aleupa.com\/#website\"},\"primaryImageOfPage\":{\"@id\":\"https:\/\/aleupa.com\/?product=grua-powerlift#primaryimage\"},\"image\":{\"@id\":\"https:\/\/aleupa.com\/?product=grua-powerlift#primaryimage\"},\"thumbnailUrl\":\"https:\/\/aleupa.com\/wp-content\/uploads\/2020\/12\/powerlift_135_mini_mainb_2015.jpg\",\"datePublished\":\"2020-12-18T20:06:15+00:00\",\"dateModified\":\"2024-11-12T19:31:26+00:00\",\"breadcrumb\":{\"@id\":\"https:\/\/aleupa.com\/?product=grua-powerlift#breadcrumb\"},\"inLanguage\":\"es\",\"potentialAction\":[{\"@type\":\"ReadAction\",\"target\":[\"https:\/\/aleupa.com\/?product=grua-powerlift\"]}]},{\"@type\":\"ImageObject\",\"inLanguage\":\"es\",\"@id\":\"https:\/\/aleupa.com\/?product=grua-powerlift#primaryimage\",\"url\":\"https:\/\/aleupa.com\/wp-content\/uploads\/2020\/12\/powerlift_135_mini_mainb_2015.jpg\",\"contentUrl\":\"https:\/\/aleupa.com\/wp-content\/uploads\/2020\/12\/powerlift_135_mini_mainb_2015.jpg\",\"width\":500,\"height\":500},{\"@type\":\"BreadcrumbList\",\"@id\":\"https:\/\/aleupa.com\/?product=grua-powerlift#breadcrumb\",\"itemListElement\":[{\"@type\":\"ListItem\",\"position\":1,\"name\":\"Portada\",\"item\":\"https:\/\/aleupa.com\/\"},{\"@type\":\"ListItem\",\"position\":2,\"name\":\"Tienda\",\"item\":\"https:\/\/aleupa.com\/?page_id=802\"},{\"@type\":\"ListItem\",\"position\":3,\"name\":\"Grua Powerlift\"}]},{\"@type\":\"WebSite\",\"@id\":\"https:\/\/aleupa.com\/#website\",\"url\":\"https:\/\/aleupa.com\/\",\"name\":\"Ortopedia Aleupa\",\"description\":\"Ayudas a la dependencia\",\"alternateName\":\"Ortopedia en Puerto de la Cruz, Tenerife\",\"potentialAction\":[{\"@type\":\"SearchAction\",\"target\":{\"@type\":\"EntryPoint\",\"urlTemplate\":\"https:\/\/aleupa.com\/?s={search_term_string}\"},\"query-input\":{\"@type\":\"PropertyValueSpecification\",\"valueRequired\":true,\"valueName\":\"search_term_string\"}}],\"inLanguage\":\"es\"}]}<\/script>\n<!-- \/ Yoast SEO plugin. -->","yoast_head_json":{"title":"Grua Powerlift - Ortopedia Aleupa","robots":{"index":"index","follow":"follow","max-snippet":"max-snippet:-1","max-image-preview":"max-image-preview:large","max-video-preview":"max-video-preview:-1"},"canonical":"https:\/\/aleupa.com\/?product=grua-powerlift","og_locale":"es_ES","og_type":"article","og_title":"Grua Powerlift - Ortopedia Aleupa","og_description":"Gr\u00faa de transferencia para el manejo y traslado de pacientes. Dos configuraciones adecuadas para pacientes de hasta 135 y 175 kg. respectivamente. Estas gr\u00faas est\u00e1n dise\u00f1adas para ser usadas en casa al igual que en residencias y hospitales. Ofrecen una seguridad, funcionalidad, manejo y fiabilidad sobresalientes. Caracter\u00edsticas Capacidad de carga 135 Kg. o hasta 175 [&hellip;]","og_url":"https:\/\/aleupa.com\/?product=grua-powerlift","og_site_name":"Ortopedia Aleupa","article_modified_time":"2024-11-12T19:31:26+00:00","og_image":[{"width":500,"height":500,"url":"https:\/\/aleupa.com\/wp-content\/uploads\/2020\/12\/powerlift_135_mini_mainb_2015.jpg","type":"image\/jpeg"}],"twitter_card":"summary_large_image","twitter_misc":{"Tiempo de lectura":"1 minuto"},"schema":{"@context":"https:\/\/schema.org","@graph":[{"@type":"WebPage","@id":"https:\/\/aleupa.com\/?product=grua-powerlift","url":"https:\/\/aleupa.com\/?product=grua-powerlift","name":"Grua Powerlift - Ortopedia Aleupa","isPartOf":{"@id":"https:\/\/aleupa.com\/#website"},"primaryImageOfPage":{"@id":"https:\/\/aleupa.com\/?product=grua-powerlift#primaryimage"},"image":{"@id":"https:\/\/aleupa.com\/?product=grua-powerlift#primaryimage"},"thumbnailUrl":"https:\/\/aleupa.com\/wp-content\/uploads\/2020\/12\/powerlift_135_mini_mainb_2015.jpg","datePublished":"2020-12-18T20:06:15+00:00","dateModified":"2024-11-12T19:31:26+00:00","breadcrumb":{"@id":"https:\/\/aleupa.com\/?product=grua-powerlift#breadcrumb"},"inLanguage":"es","potentialAction":[{"@type":"ReadAction","target":["https:\/\/aleupa.com\/?product=grua-powerlift"]}]},{"@type":"ImageObject","inLanguage":"es","@id":"https:\/\/aleupa.com\/?product=grua-powerlift#primaryimage","url":"https:\/\/aleupa.com\/wp-content\/uploads\/2020\/12\/powerlift_135_mini_mainb_2015.jpg","contentUrl":"https:\/\/aleupa.com\/wp-content\/uploads\/2020\/12\/powerlift_135_mini_mainb_2015.jpg","width":500,"height":500},{"@type":"BreadcrumbList","@id":"https:\/\/aleupa.com\/?product=grua-powerlift#breadcrumb","itemListElement":[{"@type":"ListItem","position":1,"name":"Portada","item":"https:\/\/aleupa.com\/"},{"@type":"ListItem","position":2,"name":"Tienda","item":"https:\/\/aleupa.com\/?page_id=802"},{"@type":"ListItem","position":3,"name":"Grua Powerlift"}]},{"@type":"WebSite","@id":"https:\/\/aleupa.com\/#website","url":"https:\/\/aleupa.com\/","name":"Ortopedia Aleupa","description":"Ayudas a la dependencia","alternateName":"Ortopedia en Puerto de la Cruz, Tenerife","potentialAction":[{"@type":"SearchAction","target":{"@type":"EntryPoint","urlTemplate":"https:\/\/aleupa.com\/?s={search_term_string}"},"query-input":{"@type":"PropertyValueSpecification","valueRequired":true,"valueName":"search_term_string"}}],"inLanguage":"es"}]}},"_links":{"self":[{"href":"https:\/\/aleupa.com\/index.php?rest_route=\/wp\/v2\/product\/4723","targetHints":{"allow":["GET"]}}],"collection":[{"href":"https:\/\/aleupa.com\/index.php?rest_route=\/wp\/v2\/product"}],"about":[{"href":"https:\/\/aleupa.com\/index.php?rest_route=\/wp\/v2\/types\/product"}],"replies":[{"embeddable":true,"href":"https:\/\/aleupa.com\/index.php?rest_route=%2Fwp%2Fv2%2Fcomments&post=4723"}],"wp:featuredmedia":[{"embeddable":true,"href":"https:\/\/aleupa.com\/index.php?rest_route=\/wp\/v2\/media\/4729"}],"wp:attachment":[{"href":"https:\/\/aleupa.com\/index.php?rest_route=%2Fwp%2Fv2%2Fmedia&parent=4723"}],"wp:term":[{"taxonomy":"product_brand","embeddable":true,"href":"https:\/\/aleupa.com\/index.php?rest_route=%2Fwp%2Fv2%2Fproduct_brand&post=4723"},{"taxonomy":"product_cat","embeddable":true,"href":"https:\/\/aleupa.com\/index.php?rest_route=%2Fwp%2Fv2%2Fproduct_cat&post=4723"},{"taxonomy":"product_tag","embeddable":true,"href":"https:\/\/aleupa.com\/index.php?rest_route=%2Fwp%2Fv2%2Fproduct_tag&post=4723"}],"curies":[{"name":"wp","href":"https:\/\/api.w.org\/{rel}","templated":true}]}}