{"id":4819,"date":"2021-03-01T13:37:53","date_gmt":"2021-03-01T13:37:53","guid":{"rendered":"https:\/\/www.aleupa.com\/?post_type=product&#038;p=4819"},"modified":"2021-05-17T15:54:36","modified_gmt":"2021-05-17T15:54:36","slug":"jumper-termometro-digital-infrarrojos","status":"publish","type":"product","link":"https:\/\/aleupa.com\/?product=jumper-termometro-digital-infrarrojos","title":{"rendered":"JUMPER. Term\u00f3metro digital infrarrojos"},"content":{"rendered":"<p>Su medici\u00f3n laser a distancia para adultos y ni\u00f1os es ideal para utilizarlo en un ambiente laboral, ya que permite tomar la temperatura respetando la distancia de 1-3 cm, evitando as\u00ed el contacto con la piel.<\/p>\n<p>Su moderno sistema de medici\u00f3n hace que la pantalla se ilumine facilitando la lectura de la temperatura. Si la pantalla se pone de color verde indica que no hay fiebre, si se pone de color rojo indica presencia de fiebre.<\/p>\n<p>Tambi\u00e9n facilita la medici\u00f3n de la temperatura corporal en el hogar.<\/p>\n<p>Con tan solo retirar su capucha protectora, permite realizar mediciones en el o\u00eddo.<\/p>\n<h3>Especificaciones<\/h3>\n<table>\n<thead>\n<tr>\n<th>Dimensiones<\/th>\n<td>15,5 x 4,2 x 4,9 cm<\/td>\n<\/tr>\n<\/thead>\n<tbody>\n<tr>\n<th>Peso con bater\u00eda<\/th>\n<td>90 gr<\/td>\n<\/tr>\n<tr>\n<th>Pantalla<\/th>\n<td>LCD HD<\/td>\n<\/tr>\n<tr>\n<th>Rango de medici\u00f3n<\/th>\n<td>Cabeza: 35-42,2\u00b0C\u00a0\u00a0\u00a0 \u00b1 0,2\u00b0C<br \/>\nO\u00eddo: 35-42\u00b0C\u00a0\u00a0\u00a0 \u00b1 0,2\u00b0C<\/td>\n<\/tr>\n<tr>\n<th>Memoria<\/th>\n<td>20 mediciones<\/td>\n<\/tr>\n<tr>\n<th>Unidad de temperatura<\/th>\n<td>Ajustable a \u00b0C\/ \u00b0F<\/td>\n<\/tr>\n<tr>\n<th>Apagado autom\u00e1tico<\/th>\n<td>10s \u00b1 1s<\/td>\n<\/tr>\n<tr>\n<th>Bater\u00eda<\/th>\n<td>2 pilas AAA<\/td>\n<\/tr>\n<\/tbody>\n<\/table>\n","protected":false},"excerpt":{"rendered":"<p>Term\u00f3metro digital infrarrojos para adultos y ni\u00f1os.<\/p>\n","protected":false},"featured_media":4824,"comment_status":"closed","ping_status":"closed","template":"","meta":{"_et_pb_use_builder":"","_et_pb_old_content":"","_et_gb_content_width":""},"product_brand":[],"product_cat":[215,107],"product_tag":[664,668,667],"class_list":{"0":"post-4819","1":"product","2":"type-product","3":"status-publish","4":"has-post-thumbnail","6":"product_cat-botiquin","7":"product_cat-diagnostico","8":"product_tag-diagnostico","9":"product_tag-eletromedicina","10":"product_tag-termometro","11":"product_shipping_class-tourline-express","13":"first","14":"instock","15":"shipping-taxable","16":"purchasable","17":"product-type-simple"},"yoast_head":"<!-- This site is optimized with the Yoast SEO plugin v26.2 - https:\/\/yoast.com\/wordpress\/plugins\/seo\/ -->\n<title>JUMPER. Term\u00f3metro digital infrarrojos - Ortopedia Aleupa<\/title>\n<meta name=\"robots\" content=\"index, follow, max-snippet:-1, max-image-preview:large, max-video-preview:-1\" \/>\n<link rel=\"canonical\" href=\"https:\/\/aleupa.com\/?product=jumper-termometro-digital-infrarrojos\" \/>\n<meta property=\"og:locale\" content=\"es_ES\" \/>\n<meta property=\"og:type\" content=\"article\" \/>\n<meta property=\"og:title\" content=\"JUMPER. Term\u00f3metro digital infrarrojos - Ortopedia Aleupa\" \/>\n<meta property=\"og:description\" content=\"Term\u00f3metro digital infrarrojos para adultos y ni\u00f1os.\" \/>\n<meta property=\"og:url\" content=\"https:\/\/aleupa.com\/?product=jumper-termometro-digital-infrarrojos\" \/>\n<meta property=\"og:site_name\" content=\"Ortopedia Aleupa\" \/>\n<meta property=\"article:modified_time\" content=\"2021-05-17T15:54:36+00:00\" \/>\n<meta property=\"og:image\" content=\"https:\/\/aleupa.com\/wp-content\/uploads\/2021\/03\/FR412-17550380156.jpg\" \/>\n\t<meta property=\"og:image:width\" content=\"500\" \/>\n\t<meta property=\"og:image:height\" content=\"500\" \/>\n\t<meta property=\"og:image:type\" content=\"image\/jpeg\" \/>\n<meta name=\"twitter:card\" content=\"summary_large_image\" \/>\n<meta name=\"twitter:label1\" content=\"Tiempo de lectura\" \/>\n\t<meta name=\"twitter:data1\" content=\"1 minuto\" \/>\n<script type=\"application\/ld+json\" class=\"yoast-schema-graph\">{\"@context\":\"https:\/\/schema.org\",\"@graph\":[{\"@type\":\"WebPage\",\"@id\":\"https:\/\/aleupa.com\/?product=jumper-termometro-digital-infrarrojos\",\"url\":\"https:\/\/aleupa.com\/?product=jumper-termometro-digital-infrarrojos\",\"name\":\"JUMPER. Term\u00f3metro digital infrarrojos - Ortopedia Aleupa\",\"isPartOf\":{\"@id\":\"https:\/\/aleupa.com\/#website\"},\"primaryImageOfPage\":{\"@id\":\"https:\/\/aleupa.com\/?product=jumper-termometro-digital-infrarrojos#primaryimage\"},\"image\":{\"@id\":\"https:\/\/aleupa.com\/?product=jumper-termometro-digital-infrarrojos#primaryimage\"},\"thumbnailUrl\":\"https:\/\/aleupa.com\/wp-content\/uploads\/2021\/03\/FR412-17550380156.jpg\",\"datePublished\":\"2021-03-01T13:37:53+00:00\",\"dateModified\":\"2021-05-17T15:54:36+00:00\",\"breadcrumb\":{\"@id\":\"https:\/\/aleupa.com\/?product=jumper-termometro-digital-infrarrojos#breadcrumb\"},\"inLanguage\":\"es\",\"potentialAction\":[{\"@type\":\"ReadAction\",\"target\":[\"https:\/\/aleupa.com\/?product=jumper-termometro-digital-infrarrojos\"]}]},{\"@type\":\"ImageObject\",\"inLanguage\":\"es\",\"@id\":\"https:\/\/aleupa.com\/?product=jumper-termometro-digital-infrarrojos#primaryimage\",\"url\":\"https:\/\/aleupa.com\/wp-content\/uploads\/2021\/03\/FR412-17550380156.jpg\",\"contentUrl\":\"https:\/\/aleupa.com\/wp-content\/uploads\/2021\/03\/FR412-17550380156.jpg\",\"width\":500,\"height\":500},{\"@type\":\"BreadcrumbList\",\"@id\":\"https:\/\/aleupa.com\/?product=jumper-termometro-digital-infrarrojos#breadcrumb\",\"itemListElement\":[{\"@type\":\"ListItem\",\"position\":1,\"name\":\"Portada\",\"item\":\"https:\/\/aleupa.com\/\"},{\"@type\":\"ListItem\",\"position\":2,\"name\":\"Tienda\",\"item\":\"https:\/\/aleupa.com\/?page_id=802\"},{\"@type\":\"ListItem\",\"position\":3,\"name\":\"JUMPER. Term\u00f3metro digital infrarrojos\"}]},{\"@type\":\"WebSite\",\"@id\":\"https:\/\/aleupa.com\/#website\",\"url\":\"https:\/\/aleupa.com\/\",\"name\":\"Ortopedia Aleupa\",\"description\":\"Ayudas a la dependencia\",\"alternateName\":\"Ortopedia en Puerto de la Cruz, Tenerife\",\"potentialAction\":[{\"@type\":\"SearchAction\",\"target\":{\"@type\":\"EntryPoint\",\"urlTemplate\":\"https:\/\/aleupa.com\/?s={search_term_string}\"},\"query-input\":{\"@type\":\"PropertyValueSpecification\",\"valueRequired\":true,\"valueName\":\"search_term_string\"}}],\"inLanguage\":\"es\"}]}<\/script>\n<!-- \/ Yoast SEO plugin. -->","yoast_head_json":{"title":"JUMPER. Term\u00f3metro digital infrarrojos - Ortopedia Aleupa","robots":{"index":"index","follow":"follow","max-snippet":"max-snippet:-1","max-image-preview":"max-image-preview:large","max-video-preview":"max-video-preview:-1"},"canonical":"https:\/\/aleupa.com\/?product=jumper-termometro-digital-infrarrojos","og_locale":"es_ES","og_type":"article","og_title":"JUMPER. Term\u00f3metro digital infrarrojos - Ortopedia Aleupa","og_description":"Term\u00f3metro digital infrarrojos para adultos y ni\u00f1os.","og_url":"https:\/\/aleupa.com\/?product=jumper-termometro-digital-infrarrojos","og_site_name":"Ortopedia Aleupa","article_modified_time":"2021-05-17T15:54:36+00:00","og_image":[{"width":500,"height":500,"url":"https:\/\/aleupa.com\/wp-content\/uploads\/2021\/03\/FR412-17550380156.jpg","type":"image\/jpeg"}],"twitter_card":"summary_large_image","twitter_misc":{"Tiempo de lectura":"1 minuto"},"schema":{"@context":"https:\/\/schema.org","@graph":[{"@type":"WebPage","@id":"https:\/\/aleupa.com\/?product=jumper-termometro-digital-infrarrojos","url":"https:\/\/aleupa.com\/?product=jumper-termometro-digital-infrarrojos","name":"JUMPER. Term\u00f3metro digital infrarrojos - Ortopedia Aleupa","isPartOf":{"@id":"https:\/\/aleupa.com\/#website"},"primaryImageOfPage":{"@id":"https:\/\/aleupa.com\/?product=jumper-termometro-digital-infrarrojos#primaryimage"},"image":{"@id":"https:\/\/aleupa.com\/?product=jumper-termometro-digital-infrarrojos#primaryimage"},"thumbnailUrl":"https:\/\/aleupa.com\/wp-content\/uploads\/2021\/03\/FR412-17550380156.jpg","datePublished":"2021-03-01T13:37:53+00:00","dateModified":"2021-05-17T15:54:36+00:00","breadcrumb":{"@id":"https:\/\/aleupa.com\/?product=jumper-termometro-digital-infrarrojos#breadcrumb"},"inLanguage":"es","potentialAction":[{"@type":"ReadAction","target":["https:\/\/aleupa.com\/?product=jumper-termometro-digital-infrarrojos"]}]},{"@type":"ImageObject","inLanguage":"es","@id":"https:\/\/aleupa.com\/?product=jumper-termometro-digital-infrarrojos#primaryimage","url":"https:\/\/aleupa.com\/wp-content\/uploads\/2021\/03\/FR412-17550380156.jpg","contentUrl":"https:\/\/aleupa.com\/wp-content\/uploads\/2021\/03\/FR412-17550380156.jpg","width":500,"height":500},{"@type":"BreadcrumbList","@id":"https:\/\/aleupa.com\/?product=jumper-termometro-digital-infrarrojos#breadcrumb","itemListElement":[{"@type":"ListItem","position":1,"name":"Portada","item":"https:\/\/aleupa.com\/"},{"@type":"ListItem","position":2,"name":"Tienda","item":"https:\/\/aleupa.com\/?page_id=802"},{"@type":"ListItem","position":3,"name":"JUMPER. Term\u00f3metro digital infrarrojos"}]},{"@type":"WebSite","@id":"https:\/\/aleupa.com\/#website","url":"https:\/\/aleupa.com\/","name":"Ortopedia Aleupa","description":"Ayudas a la dependencia","alternateName":"Ortopedia en Puerto de la Cruz, Tenerife","potentialAction":[{"@type":"SearchAction","target":{"@type":"EntryPoint","urlTemplate":"https:\/\/aleupa.com\/?s={search_term_string}"},"query-input":{"@type":"PropertyValueSpecification","valueRequired":true,"valueName":"search_term_string"}}],"inLanguage":"es"}]}},"_links":{"self":[{"href":"https:\/\/aleupa.com\/index.php?rest_route=\/wp\/v2\/product\/4819","targetHints":{"allow":["GET"]}}],"collection":[{"href":"https:\/\/aleupa.com\/index.php?rest_route=\/wp\/v2\/product"}],"about":[{"href":"https:\/\/aleupa.com\/index.php?rest_route=\/wp\/v2\/types\/product"}],"replies":[{"embeddable":true,"href":"https:\/\/aleupa.com\/index.php?rest_route=%2Fwp%2Fv2%2Fcomments&post=4819"}],"wp:featuredmedia":[{"embeddable":true,"href":"https:\/\/aleupa.com\/index.php?rest_route=\/wp\/v2\/media\/4824"}],"wp:attachment":[{"href":"https:\/\/aleupa.com\/index.php?rest_route=%2Fwp%2Fv2%2Fmedia&parent=4819"}],"wp:term":[{"taxonomy":"product_brand","embeddable":true,"href":"https:\/\/aleupa.com\/index.php?rest_route=%2Fwp%2Fv2%2Fproduct_brand&post=4819"},{"taxonomy":"product_cat","embeddable":true,"href":"https:\/\/aleupa.com\/index.php?rest_route=%2Fwp%2Fv2%2Fproduct_cat&post=4819"},{"taxonomy":"product_tag","embeddable":true,"href":"https:\/\/aleupa.com\/index.php?rest_route=%2Fwp%2Fv2%2Fproduct_tag&post=4819"}],"curies":[{"name":"wp","href":"https:\/\/api.w.org\/{rel}","templated":true}]}}